Last updated on 2022-05-09 17:52:41 CEST.
Flavor | Version | Tinstall | Tcheck | Ttotal | Status | Flags |
---|---|---|---|---|---|---|
r-devel-linux-x86_64-debian-clang | 1.1.1 | 2.37 | 32.96 | 35.33 | NOTE | |
r-devel-linux-x86_64-debian-gcc | 1.1.1 | 1.59 | 25.75 | 27.34 | NOTE | |
r-devel-linux-x86_64-fedora-clang | 1.1.1 | 44.14 | NOTE | |||
r-devel-linux-x86_64-fedora-gcc | 1.1.1 | 42.60 | NOTE | |||
r-devel-windows-x86_64 | 1.1.1 | 6.00 | 52.00 | 58.00 | NOTE | |
r-patched-linux-x86_64 | 1.1.1 | 2.23 | 32.04 | 34.27 | NOTE | |
r-release-linux-x86_64 | 1.1.1 | 2.26 | 33.52 | 35.78 | NOTE | |
r-release-macos-arm64 | 1.1.1 | 17.00 | NOTE | |||
r-release-macos-x86_64 | 1.1.1 | 24.00 | NOTE | |||
r-release-windows-x86_64 | 1.1.1 | 5.00 | 51.00 | 56.00 | NOTE | |
r-oldrel-macos-arm64 | 1.1.1 | 19.00 | NOTE | |||
r-oldrel-macos-x86_64 | 1.1.1 | 25.00 | NOTE | |||
r-oldrel-windows-ix86+x86_64 | 1.1.1 | 4.00 | 29.00 | 33.00 | NOTE |
Version: 1.1.1
Check: DESCRIPTION meta-information
Result: NOTE
Malformed Description field: should contain one or more complete sentences.
Flavors: r-devel-linux-x86_64-debian-clang, r-devel-linux-x86_64-debian-gcc, r-devel-linux-x86_64-fedora-clang, r-devel-linux-x86_64-fedora-gcc, r-devel-windows-x86_64, r-patched-linux-x86_64, r-release-linux-x86_64, r-release-macos-arm64, r-release-macos-x86_64, r-release-windows-x86_64, r-oldrel-macos-arm64, r-oldrel-macos-x86_64, r-oldrel-windows-ix86+x86_64
Version: 1.1.1
Check: R code for possible problems
Result: NOTE
K: no visible global function definition for 'dnorm'
sBF: no visible global function definition for 'density'
sBF: no visible global function definition for 'txtProgressBar'
sBF: no visible global function definition for 'setTxtProgressBar'
Undefined global functions or variables:
density dnorm setTxtProgressBar txtProgressBar
Consider adding
importFrom("stats", "density", "dnorm")
importFrom("utils", "setTxtProgressBar", "txtProgressBar")
to your NAMESPACE file.
Flavors: r-devel-linux-x86_64-debian-clang, r-devel-linux-x86_64-debian-gcc, r-devel-linux-x86_64-fedora-clang, r-devel-linux-x86_64-fedora-gcc, r-devel-windows-x86_64, r-patched-linux-x86_64, r-release-linux-x86_64, r-release-macos-arm64, r-release-macos-x86_64, r-release-windows-x86_64, r-oldrel-macos-arm64, r-oldrel-macos-x86_64, r-oldrel-windows-ix86+x86_64