Last updated on 2022-05-09 17:52:42 CEST.
| Flavor | Version | Tinstall | Tcheck | Ttotal | Status | Flags | 
|---|---|---|---|---|---|---|
| r-devel-linux-x86_64-debian-clang | 1.5-6 | 10.61 | 91.93 | 102.54 | NOTE | |
| r-devel-linux-x86_64-debian-gcc | 1.5-6 | 7.77 | 68.82 | 76.59 | NOTE | |
| r-devel-linux-x86_64-fedora-clang | 1.5-6 | 121.82 | NOTE | |||
| r-devel-linux-x86_64-fedora-gcc | 1.5-6 | 122.10 | NOTE | |||
| r-patched-linux-x86_64 | 1.5-6 | 10.46 | 87.59 | 98.05 | NOTE | |
| r-release-linux-x86_64 | 1.5-6 | 9.56 | 88.78 | 98.34 | NOTE | |
| r-release-macos-arm64 | 1.5-6 | 37.00 | NOTE | |||
| r-release-macos-x86_64 | 1.5-6 | 64.00 | NOTE | |||
| r-oldrel-macos-arm64 | 1.5-6 | 44.00 | NOTE | |||
| r-oldrel-macos-x86_64 | 1.5-6 | 72.00 | NOTE | 
Version: 1.5-6
Check: dependencies in R code
Result: NOTE
    Packages in Depends field not imported from:
      'colorspace' 'snpStats'
      These packages need to be imported from (in the NAMESPACE file)
      for when this namespace is loaded but not attached.
Flavors: r-devel-linux-x86_64-debian-clang, r-devel-linux-x86_64-debian-gcc, r-devel-linux-x86_64-fedora-clang, r-devel-linux-x86_64-fedora-gcc, r-patched-linux-x86_64, r-release-linux-x86_64, r-release-macos-arm64, r-release-macos-x86_64, r-oldrel-macos-arm64, r-oldrel-macos-x86_64
Version: 1.5-6
Check: R code for possible problems
Result: NOTE
    check.args: no visible global function definition for 'is'
    write.sbams: no visible global function definition for 'as'
    write.sbams: no visible global function definition for 'write.table'
    Undefined global functions or variables:
      as is write.table
    Consider adding
      importFrom("methods", "as", "is")
      importFrom("utils", "write.table")
    to your NAMESPACE file (and ensure that your DESCRIPTION Imports field
    contains 'methods').
Flavors: r-devel-linux-x86_64-debian-clang, r-devel-linux-x86_64-debian-gcc, r-devel-linux-x86_64-fedora-clang, r-devel-linux-x86_64-fedora-gcc, r-patched-linux-x86_64, r-release-linux-x86_64, r-release-macos-arm64, r-release-macos-x86_64, r-oldrel-macos-arm64, r-oldrel-macos-x86_64
Version: 1.5-6
Check: compiled code
Result: NOTE
    File ‘snpStatsWriter/libs/snpStatsWriter.so’:
      Found no calls to: ‘R_registerRoutines’, ‘R_useDynamicSymbols’
    
    It is good practice to register native routines and to disable symbol
    search.
    
    See ‘Writing portable packages’ in the ‘Writing R Extensions’ manual.
Flavors: r-devel-linux-x86_64-fedora-clang, r-devel-linux-x86_64-fedora-gcc