Last updated on 2022-05-09 09:51:02 CEST.
Flavor | Version | Tinstall | Tcheck | Ttotal | Status | Flags |
---|---|---|---|---|---|---|
r-devel-linux-x86_64-debian-clang | 0.1-0 | 2.29 | 30.30 | 32.59 | NOTE | |
r-devel-linux-x86_64-debian-gcc | 0.1-0 | 1.50 | 23.53 | 25.03 | NOTE | |
r-devel-linux-x86_64-fedora-clang | 0.1-0 | 39.65 | NOTE | |||
r-devel-linux-x86_64-fedora-gcc | 0.1-0 | 38.58 | NOTE | |||
r-devel-windows-x86_64 | 0.1-0 | 12.00 | 45.00 | 57.00 | OK | |
r-patched-linux-x86_64 | 0.1-0 | 1.56 | 29.01 | 30.57 | NOTE | |
r-release-linux-x86_64 | 0.1-0 | 2.19 | 29.38 | 31.57 | NOTE | |
r-release-macos-arm64 | 0.1-0 | 15.00 | OK | |||
r-release-macos-x86_64 | 0.1-0 | 27.00 | OK | |||
r-release-windows-x86_64 | 0.1-0 | 4.00 | 44.00 | 48.00 | OK | |
r-oldrel-macos-arm64 | 0.1-0 | 15.00 | OK | |||
r-oldrel-macos-x86_64 | 0.1-0 | 23.00 | OK | |||
r-oldrel-windows-ix86+x86_64 | 0.1-0 | 4.00 | 26.00 | 30.00 | OK |
Version: 0.1-0
Check: Rd line widths
Result: NOTE
Rd file 'SlrArd.Rd':
\usage lines wider than 90 characters:
SlrArd(T, X, bias = TRUE, method = c("VB", "VBMacKay", "PX-VB"), control = list(), check.lb=TRUE, a0 = 0, b0 = 0, mu0 = 0, xi0 = 1)
These lines will be truncated in the PDF manual.
Flavors: r-devel-linux-x86_64-debian-clang, r-devel-linux-x86_64-debian-gcc, r-devel-linux-x86_64-fedora-clang, r-devel-linux-x86_64-fedora-gcc, r-patched-linux-x86_64, r-release-linux-x86_64