Last updated on 2022-05-10 10:49:21 CEST.
| Flavor | Version | Tinstall | Tcheck | Ttotal | Status | Flags | 
|---|---|---|---|---|---|---|
| r-devel-linux-x86_64-debian-clang | 1.0-1 | 1.94 | 31.22 | 33.16 | NOTE | |
| r-devel-linux-x86_64-debian-gcc | 1.0-1 | 1.62 | 24.20 | 25.82 | NOTE | |
| r-devel-linux-x86_64-fedora-clang | 1.0-1 | 40.47 | NOTE | |||
| r-devel-linux-x86_64-fedora-gcc | 1.0-1 | 39.32 | NOTE | |||
| r-devel-windows-x86_64 | 1.0-1 | 16.00 | 50.00 | 66.00 | NOTE | |
| r-patched-linux-x86_64 | 1.0-1 | 1.91 | 29.88 | 31.79 | NOTE | |
| r-release-linux-x86_64 | 1.0-1 | 1.89 | 29.78 | 31.67 | NOTE | |
| r-release-macos-arm64 | 1.0-1 | 14.00 | NOTE | |||
| r-release-macos-x86_64 | 1.0-1 | 26.00 | NOTE | |||
| r-release-windows-x86_64 | 1.0-1 | 7.00 | 49.00 | 56.00 | NOTE | |
| r-oldrel-macos-arm64 | 1.0-1 | 22.00 | NOTE | |||
| r-oldrel-macos-x86_64 | 1.0-1 | 27.00 | NOTE | |||
| r-oldrel-windows-ix86+x86_64 | 1.0-1 | 5.00 | 35.00 | 40.00 | NOTE | 
Version: 1.0-1
Check: R code for possible problems
Result: NOTE
    generateMonochromaticColors: no visible global function definition for
      'col2rgb'
    generateMonochromaticColors: no visible global function definition for
      'rgb'
    generateMonochromaticColors: no visible global function definition for
      'tail'
    hsv2rgb: no visible global function definition for 'rgb'
    rotational_dispersion: no visible global function definition for
      'col2rgb'
    rotational_dispersion: no visible global function definition for
      'rgb2hsv'
    tetradicColors: no visible global function definition for 'head'
    triadicColors: no visible global function definition for 'head'
    Undefined global functions or variables:
      col2rgb head rgb rgb2hsv tail
    Consider adding
      importFrom("grDevices", "col2rgb", "rgb", "rgb2hsv")
      importFrom("utils", "head", "tail")
    to your NAMESPACE file.
Flavors: r-devel-linux-x86_64-debian-clang, r-devel-linux-x86_64-debian-gcc, r-devel-linux-x86_64-fedora-clang, r-devel-linux-x86_64-fedora-gcc, r-devel-windows-x86_64, r-patched-linux-x86_64, r-release-linux-x86_64, r-release-macos-arm64, r-release-macos-x86_64, r-release-windows-x86_64, r-oldrel-macos-arm64, r-oldrel-macos-x86_64, r-oldrel-windows-ix86+x86_64
Version: 1.0-1
Check: LazyData
Result: NOTE
      'LazyData' is specified without a 'data' directory
Flavors: r-devel-linux-x86_64-debian-clang, r-devel-linux-x86_64-debian-gcc, r-devel-linux-x86_64-fedora-clang, r-devel-linux-x86_64-fedora-gcc, r-devel-windows-x86_64, r-patched-linux-x86_64, r-release-linux-x86_64, r-release-macos-arm64, r-release-macos-x86_64, r-release-windows-x86_64, r-oldrel-macos-arm64, r-oldrel-macos-x86_64, r-oldrel-windows-ix86+x86_64