Last updated on 2022-05-10 10:49:29 CEST.
Flavor | Version | Tinstall | Tcheck | Ttotal | Status | Flags |
---|---|---|---|---|---|---|
r-devel-linux-x86_64-debian-clang | 4.3.2 | 4.56 | 52.09 | 56.65 | NOTE | |
r-devel-linux-x86_64-debian-gcc | 4.3.2 | 3.92 | 39.35 | 43.27 | NOTE | |
r-devel-linux-x86_64-fedora-clang | 4.3.2 | 68.39 | NOTE | |||
r-devel-linux-x86_64-fedora-gcc | 4.3.2 | 67.22 | NOTE | |||
r-devel-windows-x86_64 | 4.3.2 | 20.00 | 65.00 | 85.00 | NOTE | |
r-patched-linux-x86_64 | 4.3.2 | 4.52 | 49.52 | 54.04 | NOTE | |
r-release-linux-x86_64 | 4.3.2 | 4.38 | 50.15 | 54.53 | NOTE | |
r-release-macos-arm64 | 4.3.2 | 20.00 | NOTE | |||
r-release-macos-x86_64 | 4.3.2 | 35.00 | NOTE | |||
r-release-windows-x86_64 | 4.3.2 | 12.00 | 64.00 | 76.00 | NOTE | |
r-oldrel-macos-arm64 | 4.3.2 | 25.00 | NOTE | |||
r-oldrel-macos-x86_64 | 4.3.2 | 38.00 | NOTE | |||
r-oldrel-windows-ix86+x86_64 | 4.3.2 | 12.00 | 59.00 | 71.00 | NOTE |
Version: 4.3.2
Check: dependencies in R code
Result: NOTE
Package in Depends field not imported from: 'methods'
These packages need to be imported from (in the NAMESPACE file)
for when this namespace is loaded but not attached.
Flavors: r-devel-linux-x86_64-debian-clang, r-devel-linux-x86_64-debian-gcc, r-devel-linux-x86_64-fedora-clang, r-devel-linux-x86_64-fedora-gcc, r-devel-windows-x86_64, r-patched-linux-x86_64, r-release-linux-x86_64, r-release-macos-arm64, r-release-macos-x86_64, r-release-windows-x86_64, r-oldrel-macos-arm64, r-oldrel-macos-x86_64, r-oldrel-windows-ix86+x86_64
Version: 4.3.2
Check: R code for possible problems
Result: NOTE
HLBoot : hl.fn: no visible global function definition for 'median'
HLBoot: no visible global function definition for 'model.frame'
HLBoot: no visible global function definition for 'quantile'
HLBoot: no visible binding for global variable 'quantile'
HLBoot: no visible global function definition for 'median'
HLBoot: no visible global function definition for 'qnorm'
HLBoot: no visible global function definition for 'pnorm'
MFBoot: no visible global function definition for 'model.frame'
MFBoot: no visible global function definition for 'quantile'
MFBoot: no visible global function definition for 'median'
MFBoot: no visible global function definition for 'qnorm'
MFBoot: no visible global function definition for 'pnorm'
MFClusBoot: no visible global function definition for 'quantile'
MFSubj: no visible global function definition for 'model.frame'
MFmp: no visible global function definition for 'qt'
MFmp: no visible global function definition for 'qnorm'
MFr: no visible global function definition for 'model.frame'
emp.hpd: no visible global function definition for 'quantile'
mf: no visible global function definition for 'new'
mfboot: no visible global function definition for 'new'
mfbootcluster: no visible global function definition for 'new'
mfcluster: no visible global function definition for 'new'
mfcomponents: no visible global function definition for 'new'
mfhlboot: no visible global function definition for 'new'
mfmp: no visible global function definition for 'new'
reshapeCluster: no visible global function definition for 'terms'
reshapeCluster: no visible global function definition for 'model.frame'
print,mfcluster: no visible global function definition for 'na.omit'
Undefined global functions or variables:
median model.frame na.omit new pnorm qnorm qt quantile terms
Consider adding
importFrom("methods", "new")
importFrom("stats", "median", "model.frame", "na.omit", "pnorm",
"qnorm", "qt", "quantile", "terms")
to your NAMESPACE file (and ensure that your DESCRIPTION Imports field
contains 'methods').
Flavors: r-devel-linux-x86_64-debian-clang, r-devel-linux-x86_64-debian-gcc, r-devel-linux-x86_64-fedora-clang, r-devel-linux-x86_64-fedora-gcc, r-devel-windows-x86_64, r-patched-linux-x86_64, r-release-linux-x86_64, r-release-macos-arm64, r-release-macos-x86_64, r-release-windows-x86_64, r-oldrel-macos-arm64, r-oldrel-macos-x86_64, r-oldrel-windows-ix86+x86_64