Last updated on 2022-05-10 10:49:33 CEST.
Flavor | Version | Tinstall | Tcheck | Ttotal | Status | Flags |
---|---|---|---|---|---|---|
r-devel-linux-x86_64-debian-clang | 1.0.0 | 11.45 | 121.41 | 132.86 | NOTE | |
r-devel-linux-x86_64-debian-gcc | 1.0.0 | 8.77 | 90.27 | 99.04 | NOTE | |
r-devel-linux-x86_64-fedora-clang | 1.0.0 | 153.09 | NOTE | |||
r-devel-linux-x86_64-fedora-gcc | 1.0.0 | 147.99 | NOTE | |||
r-devel-windows-x86_64 | 1.0.0 | 20.00 | 145.00 | 165.00 | NOTE | |
r-patched-linux-x86_64 | 1.0.0 | 9.33 | 112.01 | 121.34 | NOTE | |
r-release-linux-x86_64 | 1.0.0 | 9.86 | 111.21 | 121.07 | NOTE | |
r-release-macos-arm64 | 1.0.0 | 48.00 | NOTE | |||
r-release-macos-x86_64 | 1.0.0 | 91.00 | NOTE | |||
r-release-windows-x86_64 | 1.0.0 | 18.00 | 151.00 | 169.00 | NOTE | |
r-oldrel-macos-arm64 | 1.0.0 | 58.00 | NOTE | |||
r-oldrel-macos-x86_64 | 1.0.0 | 75.00 | NOTE | |||
r-oldrel-windows-ix86+x86_64 | 1.0.0 | 25.00 | 135.00 | 160.00 | NOTE |
Version: 1.0.0
Check: R code for possible problems
Result: NOTE
alphaf: no visible global function definition for 'pchisq'
alphaf: no visible global function definition for 'dbinom'
conout: no visible global function definition for 'sd'
ibgaout: no visible global function definition for 'qnorm'
ibgaout: no visible global function definition for 'pnorm'
plot.qualint: no visible global function definition for 'qnorm'
powerval: no visible global function definition for 'rnorm'
powerval: no visible global function definition for 'qnorm'
powerval: no visible global function definition for 'pnorm'
print.expplot: no visible global function definition for 'gray'
print.expplot: no visible binding for global variable 'coef'
print.outplot: no visible global function definition for 'gray'
print.outplot: no visible binding for global variable 'coef'
qualint: no visible global function definition for 'qnorm'
qualval: no visible global function definition for 'qnorm'
surout: no visible global function definition for 'tail'
surout: no visible global function definition for 'coef'
Undefined global functions or variables:
coef dbinom gray pchisq pnorm qnorm rnorm sd tail
Consider adding
importFrom("grDevices", "gray")
importFrom("stats", "coef", "dbinom", "pchisq", "pnorm", "qnorm",
"rnorm", "sd")
importFrom("utils", "tail")
to your NAMESPACE file.
Flavors: r-devel-linux-x86_64-debian-clang, r-devel-linux-x86_64-debian-gcc, r-devel-linux-x86_64-fedora-clang, r-devel-linux-x86_64-fedora-gcc, r-devel-windows-x86_64, r-patched-linux-x86_64, r-release-linux-x86_64, r-release-macos-arm64, r-release-macos-x86_64, r-release-windows-x86_64, r-oldrel-macos-arm64, r-oldrel-macos-x86_64, r-oldrel-windows-ix86+x86_64