Last updated on 2022-05-10 10:49:37 CEST.
Flavor | Version | Tinstall | Tcheck | Ttotal | Status | Flags |
---|---|---|---|---|---|---|
r-devel-linux-x86_64-debian-clang | 1.0-1 | 17.28 | 70.42 | 87.70 | NOTE | |
r-devel-linux-x86_64-debian-gcc | 1.0-1 | 12.42 | 53.82 | 66.24 | NOTE | |
r-devel-linux-x86_64-fedora-clang | 1.0-1 | 109.38 | NOTE | |||
r-devel-linux-x86_64-fedora-gcc | 1.0-1 | 113.09 | NOTE | |||
r-devel-windows-x86_64 | 1.0-1 | 15.00 | 70.00 | 85.00 | NOTE | |
r-patched-linux-x86_64 | 1.0-1 | 16.54 | 69.90 | 86.44 | NOTE | |
r-release-linux-x86_64 | 1.0-1 | 15.79 | 70.87 | 86.66 | NOTE | |
r-release-macos-arm64 | 1.0-1 | 45.00 | NOTE | |||
r-release-macos-x86_64 | 1.0-1 | 80.00 | NOTE | |||
r-release-windows-x86_64 | 1.0-1 | 14.00 | 66.00 | 80.00 | NOTE | |
r-oldrel-macos-arm64 | 1.0-1 | 70.00 | NOTE | |||
r-oldrel-macos-x86_64 | 1.0-1 | 82.00 | NOTE | |||
r-oldrel-windows-ix86+x86_64 | 1.0-1 | 20.00 | 68.00 | 88.00 | NOTE |
Version: 1.0-1
Check: DESCRIPTION meta-information
Result: NOTE
Malformed Description field: should contain one or more complete sentences.
Flavors: r-devel-linux-x86_64-debian-clang, r-devel-linux-x86_64-debian-gcc, r-devel-linux-x86_64-fedora-clang, r-devel-linux-x86_64-fedora-gcc, r-devel-windows-x86_64, r-patched-linux-x86_64, r-release-linux-x86_64, r-release-macos-arm64, r-release-macos-x86_64, r-release-windows-x86_64, r-oldrel-macos-arm64, r-oldrel-macos-x86_64, r-oldrel-windows-ix86+x86_64
Version: 1.0-1
Check: R code for possible problems
Result: NOTE
solomon : PressedFREQ : getfile: no visible global function definition
for 'read.table'
solomon : PressedFREQ : PressedOK: no visible global function
definition for 'write.table'
solomon : PressedFREQ : PressedOK7: no visible global function
definition for 'write.table'
solomon : PressedSIMS : getfile: no visible global function definition
for 'read.table'
solomon : PressedSIMS : PressedOK : sims: no visible global function
definition for 'combn'
solomon : PressedSIMS : PressedOK : sims: no visible global function
definition for 'write.table'
solomon : PressedSIMS : PressedOK: no visible global function
definition for 'read.table'
solomon : PressedSIMS : PressedOK: no visible global function
definition for 'write.table'
solomon : PressedOK_Power : getfile: no visible global function
definition for 'read.table'
solomon : PressedOK_Power : PressedOK : massive: no visible global
function definition for 'write.table'
solomon : PressedOK_Power : PressedOK: no visible global function
definition for 'read.table'
solomon : PressedOK_Power : PressedOK: no visible global function
definition for 'write.table'
solomon : PressedOK : getfile: no visible global function definition
for 'read.table'
solomon : PressedOK : PressedOK: no visible global function definition
for 'write.table'
solomon : PressedOK : PressedOK: no visible global function definition
for 'read.table'
solomon : PressedOK : PressedOK : matches: no visible global function
definition for 'write.table'
solomon : PressedOK : PressedOK : sorts: no visible global function
definition for 'write.table'
solomon : PressedOK2 : getfile: no visible global function definition
for 'read.table'
solomon : PressedOK2 : PressedOK : afreqs: no visible global function
definition for 'combn'
solomon : PressedOK2 : PressedOK : afreqs: no visible global function
definition for 'write.table'
solomon : PressedOK2 : PressedOK: no visible global function definition
for 'read.table'
solomon : PressedOK2 : PressedOK: no visible global function definition
for 'write.table'
solomon : PressedOK2 : PressedOK : matches: no visible global function
definition for 'write.table'
solomon : PressedOK2 : PressedOK : sorts: no visible global function
definition for 'write.table'
solomon : PressedOK2 : PressedOK: no visible global function definition
for 'pdf'
solomon : PressedOK2 : PressedOK: no visible global function definition
for 'par'
solomon : PressedOK2 : PressedOK: no visible global function definition
for 'axis'
solomon : PressedOK2 : PressedOK: no visible global function definition
for 'lines'
solomon : PressedOK2 : PressedOK: no visible global function definition
for 'points'
solomon : PressedOK2 : PressedOK: no visible global function definition
for 'legend'
solomon : PressedOK2 : PressedOK: no visible global function definition
for 'mtext'
solomon : PressedOK2 : PressedOK: no visible global function definition
for 'dev.off'
solomon : PressedOKSIB : getfile: no visible global function definition
for 'read.table'
solomon : PressedOKSIB : PressedOK: no visible global function
definition for 'write.table'
solomon : PressedOKSIB : PressedOK: no visible global function
definition for 'read.table'
solomon : PressedOKSIB : PressedOK : sims: no visible global function
definition for 'combn'
solomon : PressedOKSIB : PressedOK : sims: no visible global function
definition for 'write.table'
solomon : PressedOKSIB : PressedOK: no visible global function
definition for 'pdf'
solomon : PressedOKSIB : PressedOK: no visible global function
definition for 'par'
solomon : PressedOKSIB : PressedOK: no visible global function
definition for 'abline'
solomon : PressedOKSIB : PressedOK: no visible global function
definition for 'lines'
solomon : PressedOKSIB : PressedOK: no visible global function
definition for 'points'
solomon : PressedOKSIB : PressedOK: no visible global function
definition for 'legend'
solomon : PressedOKSIB : PressedOK: no visible global function
definition for 'dev.off'
solomon : PressedOKSIB : PressedOK : afreqs: no visible global function
definition for 'combn'
solomon : PressedOKSIB : PressedOK : afreqs: no visible global function
definition for 'write.table'
solomon : PressedOKSIB : PressedOK : matches: no visible global
function definition for 'write.table'
solomon : PressedOKSIB : PressedOK : sorts: no visible global function
definition for 'write.table'
solomon : PressedOKSIB : PressedOK: no visible global function
definition for 'axis'
solomon : PressedOKSIB : PressedOK: no visible global function
definition for 'mtext'
solomon : PressedEXCLUSION1 : getfile: no visible global function
definition for 'read.table'
solomon : PressedEXCLUSION1 : PressedOK: no visible global function
definition for 'write.table'
solomon : PressedEXCLUSION1 : PressedOK: no visible global function
definition for 'read.table'
solomon : PressedEXCLUSION1 : PressedOK : matches: no visible global
function definition for 'write.table'
solomon : PressedEXCLUSION1 : PressedOK : sorts: no visible global
function definition for 'write.table'
solomon : PressedEXCLUSION1 : PressedOK : allelefinder: no visible
global function definition for 'write.table'
solomon : PressedBAYES1 : getfile: no visible global function
definition for 'read.table'
solomon : PressedBAYES1 : PressedOK: no visible global function
definition for 'write.table'
solomon : PressedBAYES1 : PressedOK: no visible global function
definition for 'read.table'
solomon : PressedBAYES1 : PressedOK : matches: no visible global
function definition for 'write.table'
solomon : PressedBAYES1 : PressedOK : sorts: no visible global function
definition for 'write.table'
solomon : PressedBAYES1 : PressedOK : allelefinder: no visible global
function definition for 'write.table'
solomon : PressedBAYES1 : PressedOK : afreqs: no visible global
function definition for 'combn'
solomon : PressedBAYES1 : PressedOK : afreqs: no visible global
function definition for 'write.table'
solomon : PressedBAYES1 : PressedOK: no visible global function
definition for 'pdf'
solomon : PressedBAYES1 : PressedOK: no visible global function
definition for 'par'
solomon : PressedBAYES1 : PressedOK: no visible global function
definition for 'axis'
solomon : PressedBAYES1 : PressedOK: no visible global function
definition for 'lines'
solomon : PressedBAYES1 : PressedOK: no visible global function
definition for 'points'
solomon : PressedBAYES1 : PressedOK: no visible global function
definition for 'legend'
solomon : PressedBAYES1 : PressedOK: no visible global function
definition for 'mtext'
solomon : PressedBAYES1 : PressedOK: no visible global function
definition for 'dev.off'
solomon : PressedEXCLUSION2 : getfile: no visible global function
definition for 'read.table'
solomon : PressedEXCLUSION2 : PressedOK : matches: no visible global
function definition for 'write.table'
solomon : PressedEXCLUSION2 : PressedOK: no visible global function
definition for 'read.table'
solomon : PressedEXCLUSION2 : PressedOK: no visible global function
definition for 'write.table'
solomon : PressedEXCLUSION2 : OnOK2: no visible global function
definition for 'read.table'
solomon : PressedEXCLUSION2 : OnOK2: no visible global function
definition for 'write.table'
solomon : PressedBAYES2 : getfile: no visible global function
definition for 'read.table'
solomon : PressedBAYES2 : PressedOK : afreqs: no visible global
function definition for 'combn'
solomon : PressedBAYES2 : PressedOK : afreqs: no visible global
function definition for 'write.table'
solomon : PressedBAYES2 : PressedOK: no visible global function
definition for 'read.table'
solomon : PressedBAYES2 : PressedOK : matches: no visible global
function definition for 'write.table'
solomon : PressedBAYES2 : PressedOK: no visible global function
definition for 'write.table'
solomon : PressedBAYES2 : PressedOK: no visible global function
definition for 'pdf'
solomon : PressedBAYES2 : PressedOK: no visible global function
definition for 'par'
solomon : PressedBAYES2 : PressedOK: no visible global function
definition for 'axis'
solomon : PressedBAYES2 : PressedOK: no visible global function
definition for 'lines'
solomon : PressedBAYES2 : PressedOK: no visible global function
definition for 'points'
solomon : PressedBAYES2 : PressedOK: no visible global function
definition for 'legend'
solomon : PressedBAYES2 : PressedOK: no visible global function
definition for 'mtext'
solomon : PressedBAYES2 : PressedOK: no visible global function
definition for 'dev.off'
Undefined global functions or variables:
abline axis combn dev.off legend lines mtext par pdf points
read.table write.table
Consider adding
importFrom("grDevices", "dev.off", "pdf")
importFrom("graphics", "abline", "axis", "legend", "lines", "mtext",
"par", "points")
importFrom("utils", "combn", "read.table", "write.table")
to your NAMESPACE file.
Flavors: r-devel-linux-x86_64-debian-clang, r-devel-linux-x86_64-debian-gcc, r-devel-linux-x86_64-fedora-clang, r-devel-linux-x86_64-fedora-gcc, r-patched-linux-x86_64, r-release-linux-x86_64, r-release-macos-arm64, r-release-macos-x86_64, r-oldrel-macos-arm64, r-oldrel-macos-x86_64
Version: 1.0-1
Check: R code for possible problems
Result: NOTE
solomon : PressedFREQ : getfile: no visible global function definition
for 'read.table'
solomon : PressedFREQ : PressedOK: no visible global function
definition for 'write.table'
solomon : PressedFREQ : PressedOK7: no visible global function
definition for 'write.table'
solomon : PressedSIMS : getfile: no visible global function definition
for 'read.table'
solomon : PressedSIMS : PressedOK : sims: no visible global function
definition for 'combn'
solomon : PressedSIMS : PressedOK : sims: no visible global function
definition for 'write.table'
solomon : PressedSIMS : PressedOK: no visible global function
definition for 'read.table'
solomon : PressedSIMS : PressedOK: no visible global function
definition for 'write.table'
solomon : PressedOK_Power : getfile: no visible global function
definition for 'read.table'
solomon : PressedOK_Power : PressedOK : massive: no visible global
function definition for 'write.table'
solomon : PressedOK_Power : PressedOK: no visible global function
definition for 'read.table'
solomon : PressedOK_Power : PressedOK: no visible global function
definition for 'write.table'
solomon : PressedOK : getfile: no visible global function definition
for 'read.table'
solomon : PressedOK : PressedOK: no visible global function definition
for 'write.table'
solomon : PressedOK : PressedOK: no visible global function definition
for 'read.table'
solomon : PressedOK : PressedOK : matches: no visible global function
definition for 'write.table'
solomon : PressedOK : PressedOK : sorts: no visible global function
definition for 'write.table'
solomon : PressedOK2 : getfile: no visible global function definition
for 'read.table'
solomon : PressedOK2 : PressedOK: no visible global function definition
for 'winProgressBar'
solomon : PressedOK2 : PressedOK : afreqs: no visible global function
definition for 'setWinProgressBar'
solomon : PressedOK2 : PressedOK : afreqs: no visible global function
definition for 'combn'
solomon : PressedOK2 : PressedOK : afreqs: no visible global function
definition for 'write.table'
solomon : PressedOK2 : PressedOK: no visible global function definition
for 'read.table'
solomon : PressedOK2 : PressedOK: no visible global function definition
for 'setWinProgressBar'
solomon : PressedOK2 : PressedOK: no visible global function definition
for 'write.table'
solomon : PressedOK2 : PressedOK : matches: no visible global function
definition for 'write.table'
solomon : PressedOK2 : PressedOK : sorts: no visible global function
definition for 'write.table'
solomon : PressedOK2 : PressedOK: no visible global function definition
for 'pdf'
solomon : PressedOK2 : PressedOK: no visible global function definition
for 'par'
solomon : PressedOK2 : PressedOK: no visible global function definition
for 'axis'
solomon : PressedOK2 : PressedOK: no visible global function definition
for 'lines'
solomon : PressedOK2 : PressedOK: no visible global function definition
for 'points'
solomon : PressedOK2 : PressedOK: no visible global function definition
for 'legend'
solomon : PressedOK2 : PressedOK: no visible global function definition
for 'mtext'
solomon : PressedOK2 : PressedOK: no visible global function definition
for 'dev.off'
solomon : PressedOKSIB : getfile: no visible global function definition
for 'read.table'
solomon : PressedOKSIB : PressedOK: no visible global function
definition for 'write.table'
solomon : PressedOKSIB : PressedOK: no visible global function
definition for 'read.table'
solomon : PressedOKSIB : PressedOK : sims: no visible global function
definition for 'combn'
solomon : PressedOKSIB : PressedOK : sims: no visible global function
definition for 'write.table'
solomon : PressedOKSIB : PressedOK: no visible global function
definition for 'pdf'
solomon : PressedOKSIB : PressedOK: no visible global function
definition for 'par'
solomon : PressedOKSIB : PressedOK: no visible global function
definition for 'abline'
solomon : PressedOKSIB : PressedOK: no visible global function
definition for 'lines'
solomon : PressedOKSIB : PressedOK: no visible global function
definition for 'points'
solomon : PressedOKSIB : PressedOK: no visible global function
definition for 'legend'
solomon : PressedOKSIB : PressedOK: no visible global function
definition for 'dev.off'
solomon : PressedOKSIB : PressedOK: no visible global function
definition for 'winProgressBar'
solomon : PressedOKSIB : PressedOK : afreqs: no visible global function
definition for 'setWinProgressBar'
solomon : PressedOKSIB : PressedOK : afreqs: no visible global function
definition for 'combn'
solomon : PressedOKSIB : PressedOK : afreqs: no visible global function
definition for 'write.table'
solomon : PressedOKSIB : PressedOK: no visible global function
definition for 'setWinProgressBar'
solomon : PressedOKSIB : PressedOK : matches: no visible global
function definition for 'write.table'
solomon : PressedOKSIB : PressedOK : sorts: no visible global function
definition for 'write.table'
solomon : PressedOKSIB : PressedOK: no visible global function
definition for 'axis'
solomon : PressedOKSIB : PressedOK: no visible global function
definition for 'mtext'
solomon : PressedEXCLUSION1 : getfile: no visible global function
definition for 'read.table'
solomon : PressedEXCLUSION1 : PressedOK: no visible global function
definition for 'write.table'
solomon : PressedEXCLUSION1 : PressedOK: no visible global function
definition for 'read.table'
solomon : PressedEXCLUSION1 : PressedOK : matches: no visible global
function definition for 'write.table'
solomon : PressedEXCLUSION1 : PressedOK : sorts: no visible global
function definition for 'write.table'
solomon : PressedEXCLUSION1 : PressedOK : allelefinder: no visible
global function definition for 'write.table'
solomon : PressedBAYES1 : getfile: no visible global function
definition for 'read.table'
solomon : PressedBAYES1 : PressedOK: no visible global function
definition for 'write.table'
solomon : PressedBAYES1 : PressedOK: no visible global function
definition for 'read.table'
solomon : PressedBAYES1 : PressedOK : matches: no visible global
function definition for 'write.table'
solomon : PressedBAYES1 : PressedOK : sorts: no visible global function
definition for 'write.table'
solomon : PressedBAYES1 : PressedOK : allelefinder: no visible global
function definition for 'write.table'
solomon : PressedBAYES1 : PressedOK: no visible global function
definition for 'winProgressBar'
solomon : PressedBAYES1 : PressedOK : afreqs: no visible global
function definition for 'setWinProgressBar'
solomon : PressedBAYES1 : PressedOK : afreqs: no visible global
function definition for 'combn'
solomon : PressedBAYES1 : PressedOK : afreqs: no visible global
function definition for 'write.table'
solomon : PressedBAYES1 : PressedOK: no visible global function
definition for 'setWinProgressBar'
solomon : PressedBAYES1 : PressedOK: no visible global function
definition for 'pdf'
solomon : PressedBAYES1 : PressedOK: no visible global function
definition for 'par'
solomon : PressedBAYES1 : PressedOK: no visible global function
definition for 'axis'
solomon : PressedBAYES1 : PressedOK: no visible global function
definition for 'lines'
solomon : PressedBAYES1 : PressedOK: no visible global function
definition for 'points'
solomon : PressedBAYES1 : PressedOK: no visible global function
definition for 'legend'
solomon : PressedBAYES1 : PressedOK: no visible global function
definition for 'mtext'
solomon : PressedBAYES1 : PressedOK: no visible global function
definition for 'dev.off'
solomon : PressedEXCLUSION2 : getfile: no visible global function
definition for 'read.table'
solomon : PressedEXCLUSION2 : PressedOK : matches: no visible global
function definition for 'write.table'
solomon : PressedEXCLUSION2 : PressedOK: no visible global function
definition for 'read.table'
solomon : PressedEXCLUSION2 : PressedOK: no visible global function
definition for 'write.table'
solomon : PressedEXCLUSION2 : PressedOK: no visible global function
definition for 'winProgressBar'
solomon : PressedEXCLUSION2 : PressedOK: no visible global function
definition for 'setWinProgressBar'
solomon : PressedEXCLUSION2 : OnOK2: no visible global function
definition for 'read.table'
solomon : PressedEXCLUSION2 : OnOK2: no visible global function
definition for 'write.table'
solomon : PressedBAYES2 : getfile: no visible global function
definition for 'read.table'
solomon : PressedBAYES2 : PressedOK: no visible global function
definition for 'winProgressBar'
solomon : PressedBAYES2 : PressedOK : afreqs: no visible global
function definition for 'setWinProgressBar'
solomon : PressedBAYES2 : PressedOK : afreqs: no visible global
function definition for 'combn'
solomon : PressedBAYES2 : PressedOK : afreqs: no visible global
function definition for 'write.table'
solomon : PressedBAYES2 : PressedOK: no visible global function
definition for 'read.table'
solomon : PressedBAYES2 : PressedOK: no visible global function
definition for 'setWinProgressBar'
solomon : PressedBAYES2 : PressedOK : matches: no visible global
function definition for 'write.table'
solomon : PressedBAYES2 : PressedOK: no visible global function
definition for 'write.table'
solomon : PressedBAYES2 : PressedOK: no visible global function
definition for 'pdf'
solomon : PressedBAYES2 : PressedOK: no visible global function
definition for 'par'
solomon : PressedBAYES2 : PressedOK: no visible global function
definition for 'axis'
solomon : PressedBAYES2 : PressedOK: no visible global function
definition for 'lines'
solomon : PressedBAYES2 : PressedOK: no visible global function
definition for 'points'
solomon : PressedBAYES2 : PressedOK: no visible global function
definition for 'legend'
solomon : PressedBAYES2 : PressedOK: no visible global function
definition for 'mtext'
solomon : PressedBAYES2 : PressedOK: no visible global function
definition for 'dev.off'
Undefined global functions or variables:
abline axis combn dev.off legend lines mtext par pdf points
read.table setWinProgressBar winProgressBar write.table
Consider adding
importFrom("grDevices", "dev.off", "pdf")
importFrom("graphics", "abline", "axis", "legend", "lines", "mtext",
"par", "points")
importFrom("utils", "combn", "read.table", "setWinProgressBar",
"winProgressBar", "write.table")
to your NAMESPACE file.
Flavors: r-devel-windows-x86_64, r-release-windows-x86_64, r-oldrel-windows-ix86+x86_64
Version: 1.0-1
Check: dependencies in R code
Result: NOTE
'library' or 'require' call to 'tcltk' which was already attached by Depends.
Please remove these calls from your code.
Flavor: r-oldrel-windows-ix86+x86_64