Last updated on 2022-05-10 10:49:20 CEST.
Flavor | Version | Tinstall | Tcheck | Ttotal | Status | Flags |
---|---|---|---|---|---|---|
r-devel-linux-x86_64-debian-clang | 1.0.3 | 2.21 | 31.74 | 33.95 | NOTE | |
r-devel-linux-x86_64-debian-gcc | 1.0.3 | 1.69 | 24.21 | 25.90 | NOTE | |
r-devel-linux-x86_64-fedora-clang | 1.0.3 | 41.40 | NOTE | |||
r-devel-linux-x86_64-fedora-gcc | 1.0.3 | 39.71 | NOTE | |||
r-devel-windows-x86_64 | 1.0.3 | 19.00 | 45.00 | 64.00 | OK | |
r-patched-linux-x86_64 | 1.0.3 | 2.32 | 31.31 | 33.63 | NOTE | |
r-release-linux-x86_64 | 1.0.3 | 2.17 | 29.97 | 32.14 | NOTE | |
r-release-macos-arm64 | 1.0.3 | 15.00 | OK | |||
r-release-macos-x86_64 | 1.0.3 | 28.00 | OK | |||
r-release-windows-x86_64 | 1.0.3 | 5.00 | 44.00 | 49.00 | OK | |
r-oldrel-macos-arm64 | 1.0.3 | 21.00 | OK | |||
r-oldrel-macos-x86_64 | 1.0.3 | 25.00 | OK | |||
r-oldrel-windows-ix86+x86_64 | 1.0.3 | 5.00 | 30.00 | 35.00 | OK |
Version: 1.0.3
Check: Rd line widths
Result: NOTE
Rd file 'beq.lin.Rd':
\examples lines wider than 100 characters:
plot(x,h_sol0,type="l",lty=1,main=paste("Water Surface Elevetion after",t,"days",sep=" "),xlab="x[m]",ylab="h[m]")
Rd file 'beq.song.Rd':
\examples lines wider than 100 characters:
plot(x,h_sol1,type="l",lty=1,main="Water Surface Elevetion (Song at's solution) ",xlab="x[m]",ylab="h[m]")
These lines will be truncated in the PDF manual.
Flavors: r-devel-linux-x86_64-debian-clang, r-devel-linux-x86_64-debian-gcc, r-devel-linux-x86_64-fedora-clang, r-devel-linux-x86_64-fedora-gcc, r-patched-linux-x86_64, r-release-linux-x86_64