Last updated on 2022-05-12 07:50:20 CEST.
Flavor | Version | Tinstall | Tcheck | Ttotal | Status | Flags |
---|---|---|---|---|---|---|
r-devel-linux-x86_64-debian-clang | 3.7-16 | 221.79 | 216.94 | 438.73 | WARN | |
r-devel-linux-x86_64-debian-gcc | 3.7-16 | 175.90 | 155.96 | 331.86 | OK | |
r-devel-linux-x86_64-fedora-clang | 3.7-16 | 658.33 | WARN | |||
r-devel-linux-x86_64-fedora-gcc | 3.7-16 | 562.91 | OK | |||
r-devel-windows-x86_64 | 3.7-16 | 282.00 | 236.00 | 518.00 | OK | |
r-patched-linux-x86_64 | 3.7-16 | 186.72 | 199.64 | 386.36 | OK | |
r-release-linux-x86_64 | 3.7-16 | 188.42 | 201.96 | 390.38 | OK | |
r-release-macos-arm64 | 3.7-16 | 120.00 | NOTE | |||
r-release-macos-x86_64 | 3.7-16 | 163.00 | NOTE | |||
r-release-windows-x86_64 | 3.7-16 | 315.00 | 284.00 | 599.00 | OK | |
r-oldrel-macos-arm64 | 3.7-16 | 143.00 | NOTE | |||
r-oldrel-macos-x86_64 | 3.7-16 | 161.00 | NOTE | |||
r-oldrel-windows-ix86+x86_64 | 3.7-16 | 524.00 | 269.00 | 793.00 | OK |
Version: 3.7-16
Check: whether package can be installed
Result: WARN
Found the following significant warnings:
tam_rcpp_mml_2pl.cpp:41:10: warning: use of bitwise '|' with boolean operands [-Wbitwise-instead-of-logical]
tam_rcpp_mml_2pl.cpp:82:26: warning: use of bitwise '|' with boolean operands [-Wbitwise-instead-of-logical]
tam_rcpp_mml_2pl.cpp:88:22: warning: use of bitwise '|' with boolean operands [-Wbitwise-instead-of-logical]
tam_rcpp_modelfit.cpp:124:26: warning: use of bitwise '|' with boolean operands [-Wbitwise-instead-of-logical]
Flavors: r-devel-linux-x86_64-debian-clang, r-devel-linux-x86_64-fedora-clang
Version: 3.7-16
Check: installed package size
Result: NOTE
installed size is 5.9Mb
sub-directories of 1Mb or more:
R 1.3Mb
libs 3.6Mb
Flavors: r-devel-linux-x86_64-fedora-clang, r-release-macos-arm64, r-release-macos-x86_64, r-oldrel-macos-arm64, r-oldrel-macos-x86_64
Version: 3.7-16
Check: Rd cross-references
Result: NOTE
Undeclared package ‘mirt’ in Rd xrefs
Flavor: r-devel-linux-x86_64-fedora-clang