Last updated on 2022-05-12 07:50:18 CEST.
Flavor | Version | Tinstall | Tcheck | Ttotal | Status | Flags |
---|---|---|---|---|---|---|
r-devel-linux-x86_64-debian-clang | 3.11-21 | 333.68 | 366.16 | 699.84 | WARN | |
r-devel-linux-x86_64-debian-gcc | 3.11-21 | 263.05 | 272.52 | 535.57 | OK | |
r-devel-linux-x86_64-fedora-clang | 3.11-21 | 961.95 | WARN | |||
r-devel-linux-x86_64-fedora-gcc | 3.11-21 | 920.21 | OK | |||
r-devel-windows-x86_64 | 3.11-21 | 414.00 | 405.00 | 819.00 | NOTE | |
r-patched-linux-x86_64 | 3.11-21 | 288.00 | 338.14 | 626.14 | OK | |
r-release-linux-x86_64 | 3.11-21 | 283.13 | 343.73 | 626.86 | OK | |
r-release-macos-arm64 | 3.11-21 | 189.00 | NOTE | |||
r-release-macos-x86_64 | 3.11-21 | 255.00 | NOTE | |||
r-release-windows-x86_64 | 3.11-21 | 431.00 | 419.00 | 850.00 | NOTE | |
r-oldrel-macos-arm64 | 3.11-21 | 185.00 | NOTE | |||
r-oldrel-macos-x86_64 | 3.11-21 | 248.00 | NOTE | |||
r-oldrel-windows-ix86+x86_64 | 3.11-21 | 756.00 | 505.00 | 1261.00 | NOTE |
Version: 3.11-21
Check: whether package can be installed
Result: WARN
Found the following significant warnings:
gooijer_isop_rcpp.cpp:210:34: warning: use of bitwise '&' with boolean operands [-Wbitwise-instead-of-logical]
gooijer_isop_rcpp.cpp:217:34: warning: use of bitwise '&' with boolean operands [-Wbitwise-instead-of-logical]
gooijer_isop_rcpp.cpp:224:34: warning: use of bitwise '&' with boolean operands [-Wbitwise-instead-of-logical]
gooijer_isop_rcpp.cpp:231:34: warning: use of bitwise '&' with boolean operands [-Wbitwise-instead-of-logical]
rm_smirt_mml2_rcpp.cpp:665:26: warning: use of bitwise '&' with boolean operands [-Wbitwise-instead-of-logical]
rm_smirt_mml2_rcpp.cpp:709:10: warning: use of bitwise '&' with boolean operands [-Wbitwise-instead-of-logical]
sirt_rcpp_evm_comp_poly.cpp:145:30: warning: use of bitwise '&' with boolean operands [-Wbitwise-instead-of-logical]
sirt_rcpp_polychoric2.cpp:212:14: warning: use of bitwise '&' with boolean operands [-Wbitwise-instead-of-logical]
Flavors: r-devel-linux-x86_64-debian-clang, r-devel-linux-x86_64-fedora-clang
Version: 3.11-21
Check: installed package size
Result: NOTE
installed size is 9.6Mb
sub-directories of 1Mb or more:
R 2.0Mb
libs 5.6Mb
Flavors: r-devel-linux-x86_64-fedora-clang, r-devel-windows-x86_64, r-release-macos-arm64, r-release-macos-x86_64, r-release-windows-x86_64, r-oldrel-macos-arm64, r-oldrel-macos-x86_64, r-oldrel-windows-ix86+x86_64