Last updated on 2022-05-13 07:51:26 CEST.
Flavor | Version | Tinstall | Tcheck | Ttotal | Status | Flags |
---|---|---|---|---|---|---|
r-devel-linux-x86_64-debian-clang | 0.1.0 | 4.70 | 60.07 | 64.77 | ERROR | |
r-devel-linux-x86_64-debian-gcc | 0.1.0 | 4.10 | 44.56 | 48.66 | ERROR | |
r-devel-linux-x86_64-fedora-clang | 0.1.0 | 83.19 | ERROR | |||
r-devel-linux-x86_64-fedora-gcc | 0.1.0 | 73.86 | ERROR | |||
r-devel-windows-x86_64 | 0.1.0 | 11.00 | 83.00 | 94.00 | NOTE | |
r-patched-linux-x86_64 | 0.1.0 | 4.38 | 55.84 | 60.22 | ERROR | |
r-release-linux-x86_64 | 0.1.0 | 4.39 | 55.94 | 60.33 | ERROR | |
r-release-macos-arm64 | 0.1.0 | 29.00 | NOTE | |||
r-release-macos-x86_64 | 0.1.0 | 45.00 | NOTE | |||
r-release-windows-x86_64 | 0.1.0 | 11.00 | 85.00 | 96.00 | NOTE | |
r-oldrel-macos-arm64 | 0.1.0 | 33.00 | NOTE | |||
r-oldrel-macos-x86_64 | 0.1.0 | 40.00 | NOTE | |||
r-oldrel-windows-ix86+x86_64 | 0.1.0 | 14.00 | 70.00 | 84.00 | WARN |
Version: 0.1.0
Check: LazyData
Result: NOTE
'LazyData' is specified without a 'data' directory
Flavors: r-devel-linux-x86_64-debian-clang, r-devel-linux-x86_64-debian-gcc, r-devel-linux-x86_64-fedora-clang, r-devel-linux-x86_64-fedora-gcc, r-devel-windows-x86_64, r-patched-linux-x86_64, r-release-linux-x86_64, r-release-macos-arm64, r-release-macos-x86_64, r-release-windows-x86_64, r-oldrel-macos-arm64, r-oldrel-macos-x86_64, r-oldrel-windows-ix86+x86_64
Version: 0.1.0
Check: re-building of vignette outputs
Result: ERROR
Error(s) in re-building vignettes:
...
--- re-building 'Calculate_WACC_in_R.Rmd' using rmarkdown
Quitting from lines 30-36 (Calculate_WACC_in_R.Rmd)
Error: processing vignette 'Calculate_WACC_in_R.Rmd' failed with diagnostics:
server certificate verification failed. CAfile: none CRLfile: none
--- failed re-building 'Calculate_WACC_in_R.Rmd'
SUMMARY: processing the following file failed:
'Calculate_WACC_in_R.Rmd'
Error: Vignette re-building failed.
Execution halted
Flavors: r-devel-linux-x86_64-debian-clang, r-devel-linux-x86_64-debian-gcc
Version: 0.1.0
Check: dependencies in R code
Result: NOTE
Namespaces in Imports field not imported from:
‘lubridate’ ‘tibble’
All declared Imports should be used.
Flavors: r-devel-linux-x86_64-fedora-clang, r-devel-linux-x86_64-fedora-gcc, r-release-macos-arm64, r-release-macos-x86_64, r-oldrel-macos-arm64, r-oldrel-macos-x86_64
Version: 0.1.0
Check: re-building of vignette outputs
Result: ERROR
Error(s) in re-building vignettes:
--- re-building ‘Calculate_WACC_in_R.Rmd’ using rmarkdown
Quitting from lines 30-36 (Calculate_WACC_in_R.Rmd)
Error: processing vignette 'Calculate_WACC_in_R.Rmd' failed with diagnostics:
SSL certificate problem: unable to get local issuer certificate
--- failed re-building ‘Calculate_WACC_in_R.Rmd’
SUMMARY: processing the following file failed:
‘Calculate_WACC_in_R.Rmd’
Error: Vignette re-building failed.
Execution halted
Flavors: r-devel-linux-x86_64-fedora-clang, r-devel-linux-x86_64-fedora-gcc
Version: 0.1.0
Check: re-building of vignette outputs
Result: ERROR
Error(s) in re-building vignettes:
...
--- re-building ‘Calculate_WACC_in_R.Rmd’ using rmarkdown
Quitting from lines 30-36 (Calculate_WACC_in_R.Rmd)
Error: processing vignette ‘Calculate_WACC_in_R.Rmd’ failed with diagnostics:
server certificate verification failed. CAfile: none CRLfile: none
--- failed re-building ‘Calculate_WACC_in_R.Rmd’
SUMMARY: processing the following file failed:
Warning in for (i in seq_along(specs)) { :
closing unused connection 4 (http://people.stern.nyu.edu/adamodar/New_Home_Page/datafile/wacc.htm)
‘Calculate_WACC_in_R.Rmd’
Error: Vignette re-building failed.
Execution halted
Flavors: r-patched-linux-x86_64, r-release-linux-x86_64
Version: 0.1.0
Check: re-building of vignette outputs
Result: WARN
Error(s) in re-building vignettes:
--- re-building 'Calculate_WACC_in_R.Rmd' using rmarkdown
Quitting from lines 30-36 (Calculate_WACC_in_R.Rmd)
Error: processing vignette 'Calculate_WACC_in_R.Rmd' failed with diagnostics:
SSL certificate problem: unable to get local issuer certificate
--- failed re-building 'Calculate_WACC_in_R.Rmd'
SUMMARY: processing the following file failed:
'Calculate_WACC_in_R.Rmd'
Error: Vignette re-building failed.
Execution halted
Flavor: r-oldrel-windows-ix86+x86_64