Last updated on 2022-05-16 10:52:50 CEST.
Flavor | Version | Tinstall | Tcheck | Ttotal | Status | Flags |
---|---|---|---|---|---|---|
r-devel-linux-x86_64-debian-clang | 1.0 | 2.43 | 35.07 | 37.50 | NOTE | |
r-devel-linux-x86_64-debian-gcc | 1.0 | 2.05 | 26.23 | 28.28 | NOTE | |
r-devel-linux-x86_64-fedora-clang | 1.0 | 44.11 | NOTE | |||
r-devel-linux-x86_64-fedora-gcc | 1.0 | 44.57 | NOTE | |||
r-devel-windows-x86_64 | 1.0 | 11.00 | 45.00 | 56.00 | NOTE | |
r-patched-linux-x86_64 | 1.0 | 2.13 | 33.54 | 35.67 | NOTE | |
r-release-linux-x86_64 | 1.0 | 2.46 | 33.08 | 35.54 | NOTE | |
r-release-macos-arm64 | 1.0 | 17.00 | NOTE | |||
r-release-macos-x86_64 | 1.0 | 20.00 | NOTE | |||
r-release-windows-x86_64 | 1.0 | 7.00 | 44.00 | 51.00 | NOTE | |
r-oldrel-macos-arm64 | 1.0 | 19.00 | NOTE | |||
r-oldrel-macos-x86_64 | 1.0 | 26.00 | NOTE | |||
r-oldrel-windows-ix86+x86_64 | 1.0 | 5.00 | 43.00 | 48.00 | NOTE |
Version: 1.0
Check: DESCRIPTION meta-information
Result: NOTE
Malformed Description field: should contain one or more complete sentences.
Flavors: r-devel-linux-x86_64-debian-clang, r-devel-linux-x86_64-debian-gcc, r-devel-linux-x86_64-fedora-clang, r-devel-linux-x86_64-fedora-gcc, r-devel-windows-x86_64, r-patched-linux-x86_64, r-release-linux-x86_64, r-release-macos-arm64, r-release-macos-x86_64, r-release-windows-x86_64, r-oldrel-macos-arm64, r-oldrel-macos-x86_64, r-oldrel-windows-ix86+x86_64
Version: 1.0
Check: R code for possible problems
Result: NOTE
score.GGUM: no visible global function definition for 'dnorm'
score.GGUM: no visible global function definition for 'hist'
score.GGUM: no visible global function definition for 'write.table'
Undefined global functions or variables:
dnorm hist write.table
Consider adding
importFrom("graphics", "hist")
importFrom("stats", "dnorm")
importFrom("utils", "write.table")
to your NAMESPACE file.
Flavors: r-devel-linux-x86_64-debian-clang, r-devel-linux-x86_64-debian-gcc, r-devel-linux-x86_64-fedora-clang, r-devel-linux-x86_64-fedora-gcc, r-devel-windows-x86_64, r-patched-linux-x86_64, r-release-linux-x86_64, r-release-macos-arm64, r-release-macos-x86_64, r-release-windows-x86_64, r-oldrel-macos-arm64, r-oldrel-macos-x86_64, r-oldrel-windows-ix86+x86_64
Version: 1.0
Check: for non-standard things in the check directory
Result: NOTE
Found the following files/directories:
'EAP_est1.txt'
Flavors: r-devel-linux-x86_64-debian-clang, r-devel-linux-x86_64-debian-gcc, r-devel-linux-x86_64-fedora-clang, r-devel-linux-x86_64-fedora-gcc, r-patched-linux-x86_64, r-release-linux-x86_64