Last updated on 2022-05-16 10:52:51 CEST.
Flavor | Version | Tinstall | Tcheck | Ttotal | Status | Flags |
---|---|---|---|---|---|---|
r-devel-linux-x86_64-debian-clang | 1.0.1 | 1.78 | 31.99 | 33.77 | NOTE | |
r-devel-linux-x86_64-debian-gcc | 1.0.1 | 1.70 | 25.04 | 26.74 | NOTE | |
r-devel-linux-x86_64-fedora-clang | 1.0.1 | 42.00 | NOTE | |||
r-devel-linux-x86_64-fedora-gcc | 1.0.1 | 40.45 | NOTE | |||
r-devel-windows-x86_64 | 1.0.1 | 134.00 | 49.00 | 183.00 | NOTE | |
r-patched-linux-x86_64 | 1.0.1 | 2.03 | 31.57 | 33.60 | NOTE | |
r-release-linux-x86_64 | 1.0.1 | 2.02 | 30.70 | 32.72 | NOTE | |
r-release-macos-arm64 | 1.0.1 | 17.00 | NOTE | |||
r-release-macos-x86_64 | 1.0.1 | 23.00 | NOTE | |||
r-release-windows-x86_64 | 1.0.1 | 156.00 | 52.00 | 208.00 | NOTE | |
r-oldrel-macos-arm64 | 1.0.1 | 17.00 | NOTE | |||
r-oldrel-macos-x86_64 | 1.0.1 | 27.00 | NOTE | |||
r-oldrel-windows-ix86+x86_64 | 1.0.1 | 6.00 | 42.00 | 48.00 | NOTE |
Version: 1.0.1
Check: DESCRIPTION meta-information
Result: NOTE
Malformed Description field: should contain one or more complete sentences.
Flavors: r-devel-linux-x86_64-debian-clang, r-devel-linux-x86_64-debian-gcc, r-devel-linux-x86_64-fedora-clang, r-devel-linux-x86_64-fedora-gcc, r-devel-windows-x86_64, r-patched-linux-x86_64, r-release-linux-x86_64, r-release-macos-arm64, r-release-macos-x86_64, r-release-windows-x86_64, r-oldrel-macos-arm64, r-oldrel-macos-x86_64, r-oldrel-windows-ix86+x86_64
Version: 1.0.1
Check: R code for possible problems
Result: NOTE
lines.SmithWilsonYieldCurve: no visible global function definition for
'lines'
points.SmithWilsonYieldCurve: no visible global function definition for
'points'
Undefined global functions or variables:
lines points
Consider adding
importFrom("graphics", "lines", "points")
to your NAMESPACE file.
Flavors: r-devel-linux-x86_64-debian-clang, r-devel-linux-x86_64-debian-gcc, r-devel-linux-x86_64-fedora-clang, r-devel-linux-x86_64-fedora-gcc, r-devel-windows-x86_64, r-patched-linux-x86_64, r-release-linux-x86_64, r-release-macos-arm64, r-release-macos-x86_64, r-release-windows-x86_64, r-oldrel-macos-arm64, r-oldrel-macos-x86_64, r-oldrel-windows-ix86+x86_64