Last updated on 2022-05-16 10:52:49 CEST.
Flavor | Version | Tinstall | Tcheck | Ttotal | Status | Flags |
---|---|---|---|---|---|---|
r-devel-linux-x86_64-debian-clang | 0.5.4 | 11.68 | 144.83 | 156.51 | ERROR | |
r-devel-linux-x86_64-debian-gcc | 0.5.4 | 7.77 | 106.16 | 113.93 | ERROR | |
r-devel-linux-x86_64-fedora-clang | 0.5.4 | 190.47 | OK | |||
r-devel-linux-x86_64-fedora-gcc | 0.5.4 | 190.25 | OK | |||
r-devel-windows-x86_64 | 0.5.4 | 68.00 | 178.00 | 246.00 | OK | |
r-patched-linux-x86_64 | 0.5.4 | 9.47 | 135.13 | 144.60 | ERROR | |
r-release-linux-x86_64 | 0.5.4 | 6.85 | 135.99 | 142.84 | ERROR | |
r-release-macos-arm64 | 0.5.4 | 47.00 | OK | |||
r-release-macos-x86_64 | 0.5.4 | 69.00 | OK | |||
r-release-windows-x86_64 | 0.5.4 | 55.00 | 181.00 | 236.00 | OK | |
r-oldrel-macos-arm64 | 0.5.4 | 53.00 | OK | |||
r-oldrel-macos-x86_64 | 0.5.4 | 68.00 | OK | |||
r-oldrel-windows-ix86+x86_64 | 0.5.4 | 19.00 | 173.00 | 192.00 | OK |
Version: 0.5.4
Check: tests
Result: ERROR
Running 'testthat.R' [28s/33s]
Running the tests in 'tests/testthat.R' failed.
Complete output:
> testthat::test_check("rock");
Loading required package: rock
Starting to extract all codings from all sources in directory '/home/hornik/tmp/R.check/r-devel-clang/Work/build/Packages/rock/extdata' that match regular expression 'merging-test-1'.
Read 2 sources.
Processed codings for a total of 6 utterances, where the first six utterance identifiers are '7d8m728r', '7d8m728x', '7d8m7295', '7d8m728t', '7d8m729b' & '7d8m729d' and the last six utterance identifiers are '7d8m728r', '7d8m728x', '7d8m7295', '7d8m728t', '7d8m729b' & '7d8m729d'.
Starting to load primary sources in directory '/home/hornik/tmp/R.check/r-devel-clang/Work/build/Packages/rock/extdata'.
Loaded 1 primary sources.
Starting to merge codes into primary sources.
- Starting to process primary source 'merging-test-1-primary.rock'.
- Out of the 24 lines in this source, 20 match the uidRegex (i.e. contain an utterance identifier).
- 6 utterances merged.
- Starting to merge section breaks - starting with checking 6 section breaks to insert after a UID.
Starting to write merged source 'merging-test-1-primary_merged.rock' to directory '/tmp/RtmpQliCPc'.
[ FAIL 1 | WARN 2 | SKIP 0 | PASS 16 ]
== Failed tests ================================================================
-- Error (test-rpe.R:65:3): an RPE coding file can be prepared -----------------
Error in `file(output, "wb")`: cannot open the connection
Backtrace:
x
1. \-rock::rpe_create_source_with_items(...) at test-rpe.R:65:2
2. \-rock:::writeTxtFile(...)
3. \-base::file(output, "wb")
[ FAIL 1 | WARN 2 | SKIP 0 | PASS 16 ]
Error: Test failures
Execution halted
Flavor: r-devel-linux-x86_64-debian-clang
Version: 0.5.4
Check: tests
Result: ERROR
Running ‘testthat.R’ [21s/33s]
Running the tests in ‘tests/testthat.R’ failed.
Complete output:
> testthat::test_check("rock");
Loading required package: rock
Starting to extract all codings from all sources in directory '/home/hornik/tmp/R.check/r-devel-gcc/Work/build/Packages/rock/extdata' that match regular expression 'merging-test-1'.
Read 2 sources.
Processed codings for a total of 6 utterances, where the first six utterance identifiers are '7d8m728r', '7d8m728x', '7d8m7295', '7d8m728t', '7d8m729b' & '7d8m729d' and the last six utterance identifiers are '7d8m728r', '7d8m728x', '7d8m7295', '7d8m728t', '7d8m729b' & '7d8m729d'.
Starting to load primary sources in directory '/home/hornik/tmp/R.check/r-devel-gcc/Work/build/Packages/rock/extdata'.
Loaded 1 primary sources.
Starting to merge codes into primary sources.
- Starting to process primary source 'merging-test-1-primary.rock'.
- Out of the 24 lines in this source, 20 match the uidRegex (i.e. contain an utterance identifier).
- 6 utterances merged.
- Starting to merge section breaks - starting with checking 6 section breaks to insert after a UID.
Starting to write merged source 'merging-test-1-primary_merged.rock' to directory '/home/hornik/tmp/scratch/RtmpCv8trg'.
[ FAIL 1 | WARN 2 | SKIP 0 | PASS 16 ]
══ Failed tests ════════════════════════════════════════════════════════════════
── Error (test-rpe.R:65:3): an RPE coding file can be prepared ─────────────────
Error in `file(output, "wb")`: cannot open the connection
Backtrace:
▆
1. └─rock::rpe_create_source_with_items(...) at test-rpe.R:65:2
2. └─rock:::writeTxtFile(...)
3. └─base::file(output, "wb")
[ FAIL 1 | WARN 2 | SKIP 0 | PASS 16 ]
Error: Test failures
Execution halted
Flavor: r-devel-linux-x86_64-debian-gcc
Version: 0.5.4
Check: tests
Result: ERROR
Running ‘testthat.R’ [26s/31s]
Running the tests in ‘tests/testthat.R’ failed.
Complete output:
> testthat::test_check("rock");
Loading required package: rock
Starting to extract all codings from all sources in directory '/home/hornik/tmp/R.check/r-patched-gcc/Work/build/Packages/rock/extdata' that match regular expression 'merging-test-1'.
Read 2 sources.
Processed codings for a total of 6 utterances, where the first six utterance identifiers are '7d8m728r', '7d8m728x', '7d8m7295', '7d8m728t', '7d8m729b' & '7d8m729d' and the last six utterance identifiers are '7d8m728r', '7d8m728x', '7d8m7295', '7d8m728t', '7d8m729b' & '7d8m729d'.
Starting to load primary sources in directory '/home/hornik/tmp/R.check/r-patched-gcc/Work/build/Packages/rock/extdata'.
Loaded 1 primary sources.
Starting to merge codes into primary sources.
- Starting to process primary source 'merging-test-1-primary.rock'.
- Out of the 24 lines in this source, 20 match the uidRegex (i.e. contain an utterance identifier).
- 6 utterances merged.
- Starting to merge section breaks - starting with checking 6 section breaks to insert after a UID.
Starting to write merged source 'merging-test-1-primary_merged.rock' to directory '/tmp/RtmpCjnTH9'.
[ FAIL 1 | WARN 2 | SKIP 0 | PASS 16 ]
══ Failed tests ════════════════════════════════════════════════════════════════
── Error (test-rpe.R:65:3): an RPE coding file can be prepared ─────────────────
Error in `file(output, "wb")`: cannot open the connection
Backtrace:
▆
1. └─rock::rpe_create_source_with_items(...) at test-rpe.R:65:2
2. └─rock:::writeTxtFile(...)
3. └─base::file(output, "wb")
[ FAIL 1 | WARN 2 | SKIP 0 | PASS 16 ]
Error: Test failures
Execution halted
Flavor: r-patched-linux-x86_64
Version: 0.5.4
Check: tests
Result: ERROR
Running ‘testthat.R’ [27s/32s]
Running the tests in ‘tests/testthat.R’ failed.
Complete output:
> testthat::test_check("rock");
Loading required package: rock
Starting to extract all codings from all sources in directory '/home/hornik/tmp/R.check/r-release-gcc/Work/build/Packages/rock/extdata' that match regular expression 'merging-test-1'.
Read 2 sources.
Processed codings for a total of 6 utterances, where the first six utterance identifiers are '7d8m728r', '7d8m728x', '7d8m7295', '7d8m728t', '7d8m729b' & '7d8m729d' and the last six utterance identifiers are '7d8m728r', '7d8m728x', '7d8m7295', '7d8m728t', '7d8m729b' & '7d8m729d'.
Starting to load primary sources in directory '/home/hornik/tmp/R.check/r-release-gcc/Work/build/Packages/rock/extdata'.
Loaded 1 primary sources.
Starting to merge codes into primary sources.
- Starting to process primary source 'merging-test-1-primary.rock'.
- Out of the 24 lines in this source, 20 match the uidRegex (i.e. contain an utterance identifier).
- 6 utterances merged.
- Starting to merge section breaks - starting with checking 6 section breaks to insert after a UID.
Starting to write merged source 'merging-test-1-primary_merged.rock' to directory '/tmp/RtmpMSgVw4'.
[ FAIL 1 | WARN 2 | SKIP 0 | PASS 16 ]
══ Failed tests ════════════════════════════════════════════════════════════════
── Error (test-rpe.R:65:3): an RPE coding file can be prepared ─────────────────
Error in `file(output, "wb")`: cannot open the connection
Backtrace:
▆
1. └─rock::rpe_create_source_with_items(...) at test-rpe.R:65:2
2. └─rock:::writeTxtFile(...)
3. └─base::file(output, "wb")
[ FAIL 1 | WARN 2 | SKIP 0 | PASS 16 ]
Error: Test failures
Execution halted
Flavor: r-release-linux-x86_64