Last updated on 2022-05-18 07:49:06 CEST.
Flavor | Version | Tinstall | Tcheck | Ttotal | Status | Flags |
---|---|---|---|---|---|---|
r-devel-linux-x86_64-debian-clang | 0.1.0 | 0.43 | 12.83 | 13.26 | ERROR | |
r-devel-linux-x86_64-debian-gcc | 0.1.0 | 0.37 | 9.82 | 10.19 | ERROR | |
r-devel-linux-x86_64-fedora-clang | 0.1.0 | 14.32 | ERROR | |||
r-devel-linux-x86_64-fedora-gcc | 0.1.0 | 14.73 | ERROR | |||
r-devel-windows-x86_64 | 0.1.0 | 69.00 | 133.00 | 202.00 | OK | |
r-patched-linux-x86_64 | 0.1.0 | 70.05 | 85.01 | 155.06 | NOTE | |
r-release-linux-x86_64 | 0.1.0 | 65.91 | 81.00 | 146.91 | NOTE | |
r-release-macos-arm64 | 0.1.0 | 55.00 | NOTE | |||
r-release-macos-x86_64 | 0.1.0 | 83.00 | NOTE | |||
r-release-windows-x86_64 | 0.1.0 | 75.00 | 125.00 | 200.00 | OK | |
r-oldrel-macos-arm64 | 0.1.0 | 57.00 | NOTE | |||
r-oldrel-macos-x86_64 | 0.1.0 | 65.00 | NOTE | |||
r-oldrel-windows-ix86+x86_64 | 0.1.0 | 175.00 | 150.00 | 325.00 | OK |
Version: 0.1.0
Check: package dependencies
Result: ERROR
Packages required but not available: 'MomTrunc', 'tlrmvnmvt'
Package suggested but not available for checking: 'CensSpatial'
See section 'The DESCRIPTION file' in the 'Writing R Extensions'
manual.
Flavors: r-devel-linux-x86_64-debian-clang, r-devel-linux-x86_64-debian-gcc, r-devel-linux-x86_64-fedora-clang, r-devel-linux-x86_64-fedora-gcc
Version: 0.1.0
Check: package dependencies
Result: NOTE
Package suggested but not available for checking: ‘CensSpatial’
Flavors: r-patched-linux-x86_64, r-release-linux-x86_64
Version: 0.1.0
Check: installed package size
Result: NOTE
installed size is 9.1Mb
sub-directories of 1Mb or more:
libs 8.9Mb
Flavors: r-release-macos-arm64, r-release-macos-x86_64, r-oldrel-macos-arm64, r-oldrel-macos-x86_64