Last updated on 2022-05-21 07:07:31 CEST.
Flavor | Version | Tinstall | Tcheck | Ttotal | Status | Flags |
---|---|---|---|---|---|---|
r-devel-linux-x86_64-debian-clang | 0.3.0 | 0.56 | 12.60 | 13.16 | ERROR | |
r-devel-linux-x86_64-debian-gcc | 0.3.0 | 0.43 | 9.39 | 9.82 | ERROR | |
r-devel-linux-x86_64-fedora-clang | 0.3.0 | 13.18 | ERROR | |||
r-devel-linux-x86_64-fedora-gcc | 0.3.0 | 12.79 | ERROR | |||
r-devel-windows-x86_64 | 0.3.0 | 23.00 | 151.00 | 174.00 | OK | |
r-patched-linux-x86_64 | 0.3.0 | 13.05 | 124.33 | 137.38 | OK | |
r-release-linux-x86_64 | 0.3.0 | 10.34 | 126.91 | 137.25 | OK | |
r-release-macos-arm64 | 0.3.0 | 50.00 | NOTE | |||
r-release-macos-x86_64 | 0.3.0 | 85.00 | NOTE | |||
r-release-windows-x86_64 | 0.3.0 | 37.00 | 159.00 | 196.00 | OK | |
r-oldrel-macos-arm64 | 0.3.0 | 50.00 | NOTE | |||
r-oldrel-macos-x86_64 | 0.3.0 | 66.00 | NOTE | |||
r-oldrel-windows-ix86+x86_64 | 0.3.0 | 32.00 | 151.00 | 183.00 | OK |
Version: 0.3.0
Check: package dependencies
Result: ERROR
Package required but not available: 'bcv'
See section 'The DESCRIPTION file' in the 'Writing R Extensions'
manual.
Flavors: r-devel-linux-x86_64-debian-clang, r-devel-linux-x86_64-debian-gcc, r-devel-linux-x86_64-fedora-clang, r-devel-linux-x86_64-fedora-gcc
Version: 0.3.0
Check: dependencies in R code
Result: NOTE
Namespaces in Imports field not imported from:
‘calibrate’ ‘graphics’ ‘matrixStats’ ‘prettydoc’ ‘reshape2’
All declared Imports should be used.
Flavors: r-release-macos-arm64, r-release-macos-x86_64, r-oldrel-macos-arm64, r-oldrel-macos-x86_64