Last updated on 2022-05-21 07:07:32 CEST.
Flavor | Version | Tinstall | Tcheck | Ttotal | Status | Flags |
---|---|---|---|---|---|---|
r-devel-linux-x86_64-debian-clang | 0.5-5 | 0.72 | 12.17 | 12.89 | ERROR | |
r-devel-linux-x86_64-debian-gcc | 0.5-5 | 0.59 | 8.86 | 9.45 | ERROR | |
r-devel-linux-x86_64-fedora-clang | 0.5-5 | 15.65 | ERROR | |||
r-devel-linux-x86_64-fedora-gcc | 0.5-5 | 14.63 | ERROR | |||
r-devel-windows-x86_64 | 0.5-5 | 10.00 | 7.00 | 17.00 | ERROR | |
r-patched-linux-x86_64 | 0.5-5 | 5.70 | 37.50 | 43.20 | OK | |
r-release-linux-x86_64 | 0.5-5 | 4.64 | 36.48 | 41.12 | OK | |
r-release-macos-arm64 | 0.5-5 | 20.00 | OK | |||
r-release-macos-x86_64 | 0.5-5 | 28.00 | OK | |||
r-release-windows-x86_64 | 0.5-5 | 39.00 | 59.00 | 98.00 | OK | |
r-oldrel-macos-arm64 | 0.5-5 | 25.00 | OK | |||
r-oldrel-macos-x86_64 | 0.5-5 | 34.00 | OK | |||
r-oldrel-windows-ix86+x86_64 | 0.5-5 | 18.00 | 62.00 | 80.00 | OK |
Version: 0.5-5
Check: whether package can be installed
Result: ERROR
Installation failed.
Flavors: r-devel-linux-x86_64-debian-clang, r-devel-linux-x86_64-debian-gcc, r-devel-linux-x86_64-fedora-clang, r-devel-linux-x86_64-fedora-gcc, r-devel-windows-x86_64