Last updated on 2022-05-23 09:51:17 CEST.
| Flavor | Version | Tinstall | Tcheck | Ttotal | Status | Flags | 
|---|---|---|---|---|---|---|
| r-devel-linux-x86_64-debian-clang | 3.0.4 | 48.72 | 441.04 | 489.76 | WARN | |
| r-devel-linux-x86_64-debian-gcc | 3.0.4 | 37.11 | 319.89 | 357.00 | WARN | |
| r-devel-linux-x86_64-fedora-clang | 3.0.4 | 604.68 | WARN | |||
| r-devel-linux-x86_64-fedora-gcc | 3.0.4 | 552.17 | WARN | |||
| r-devel-windows-x86_64 | 3.0.4 | 66.00 | 459.00 | 525.00 | WARN | |
| r-patched-linux-x86_64 | 3.0.4 | 36.37 | 414.69 | 451.06 | OK | |
| r-release-linux-x86_64 | 3.0.4 | OK | ||||
| r-release-macos-arm64 | 3.0.4 | 134.00 | OK | |||
| r-release-macos-x86_64 | 3.0.4 | 233.00 | OK | |||
| r-release-windows-x86_64 | 3.0.4 | 94.00 | 444.00 | 538.00 | OK | |
| r-oldrel-macos-arm64 | 3.0.4 | 114.00 | OK | |||
| r-oldrel-macos-x86_64 | 3.0.4 | 201.00 | OK | |||
| r-oldrel-windows-ix86+x86_64 | 3.0.4 | 95.00 | 413.00 | 508.00 | OK | 
Version: 3.0.4
Check: Rd files
Result: WARN
    checkRd: (7) bilby.Rd:16: invalid email address: (bernd.gruber@canberra.edu.au
    checkRd: (7) landgen.Rd:25: invalid email address: (bernd.gruber@canberra.edu.au
    checkRd: (7) possums.Rd:21: invalid email address: (bernd.gruber@canberra.edu.au
Flavors: r-devel-linux-x86_64-debian-clang, r-devel-linux-x86_64-debian-gcc, r-devel-linux-x86_64-fedora-clang, r-devel-linux-x86_64-fedora-gcc, r-devel-windows-x86_64
Version: 3.0.4
Check: package dependencies
Result: NOTE
    Imports includes 21 non-default packages.
    Importing from so many packages makes the package vulnerable to any of
    them becoming unavailable.  Move as many as possible to Suggests and
    use conditionally.
Flavor: r-devel-linux-x86_64-fedora-clang
Version: 3.0.4
Check: Rd cross-references
Result: NOTE
    Undeclared package ‘ecodist’ in Rd xrefs
Flavor: r-devel-linux-x86_64-fedora-clang