Last updated on 2022-05-25 06:54:36 CEST.
Flavor | Version | Tinstall | Tcheck | Ttotal | Status | Flags |
---|---|---|---|---|---|---|
r-devel-linux-x86_64-debian-clang | 1.1.0 | 3.13 | 37.90 | 41.03 | NOTE | |
r-devel-linux-x86_64-debian-gcc | 1.1.0 | 2.19 | 28.99 | 31.18 | NOTE | |
r-devel-linux-x86_64-fedora-clang | 1.1.0 | 48.54 | NOTE | |||
r-devel-linux-x86_64-fedora-gcc | 1.1.0 | 46.50 | NOTE | |||
r-devel-windows-x86_64 | 1.1.0 | 18.00 | 54.00 | 72.00 | NOTE | |
r-patched-linux-x86_64 | 1.1.0 | 2.08 | 35.57 | 37.65 | NOTE | |
r-release-linux-x86_64 | 1.1.0 | NOTE | ||||
r-release-macos-arm64 | 1.1.0 | 15.00 | NOTE | |||
r-release-macos-x86_64 | 1.1.0 | 27.00 | NOTE | |||
r-release-windows-x86_64 | 1.1.0 | 14.00 | 57.00 | 71.00 | NOTE | |
r-oldrel-macos-arm64 | 1.1.0 | 24.00 | NOTE | |||
r-oldrel-macos-x86_64 | 1.1.0 | 27.00 | NOTE | |||
r-oldrel-windows-ix86+x86_64 | 1.1.0 | 7.00 | 49.00 | 56.00 | NOTE |
Version: 1.1.0
Check: LazyData
Result: NOTE
'LazyData' is specified without a 'data' directory
Flavors: r-devel-linux-x86_64-debian-clang, r-devel-linux-x86_64-debian-gcc, r-devel-linux-x86_64-fedora-clang, r-devel-linux-x86_64-fedora-gcc, r-devel-windows-x86_64, r-patched-linux-x86_64, r-release-linux-x86_64, r-release-macos-arm64, r-release-macos-x86_64, r-release-windows-x86_64, r-oldrel-macos-arm64, r-oldrel-macos-x86_64, r-oldrel-windows-ix86+x86_64