Last updated on 2022-05-25 06:54:29 CEST.
Flavor | Version | Tinstall | Tcheck | Ttotal | Status | Flags |
---|---|---|---|---|---|---|
r-devel-linux-x86_64-debian-clang | 1.0.0 | 3.48 | 61.78 | 65.26 | OK | |
r-devel-linux-x86_64-debian-gcc | 1.0.0 | 2.50 | 45.29 | 47.79 | OK | |
r-devel-linux-x86_64-fedora-clang | 1.0.0 | 73.91 | NOTE | |||
r-devel-linux-x86_64-fedora-gcc | 1.0.0 | 75.62 | NOTE | |||
r-devel-windows-x86_64 | 1.0.0 | 17.00 | 91.00 | 108.00 | OK | |
r-patched-linux-x86_64 | 1.0.0 | 2.24 | 58.87 | 61.11 | OK | |
r-release-linux-x86_64 | 1.0.0 | OK | ||||
r-release-macos-arm64 | 1.0.0 | 27.00 | NOTE | |||
r-release-macos-x86_64 | 1.0.0 | 38.00 | NOTE | |||
r-release-windows-x86_64 | 1.0.0 | 22.00 | 88.00 | 110.00 | OK | |
r-oldrel-macos-arm64 | 1.0.0 | 34.00 | NOTE | |||
r-oldrel-macos-x86_64 | 1.0.0 | 46.00 | NOTE | |||
r-oldrel-windows-ix86+x86_64 | 1.0.0 | 10.00 | 74.00 | 84.00 | OK |
Version: 1.0.0
Check: dependencies in R code
Result: NOTE
Namespaces in Imports field not imported from:
‘RSpectra’ ‘tidyverse’
All declared Imports should be used.
Flavors: r-devel-linux-x86_64-fedora-clang, r-devel-linux-x86_64-fedora-gcc, r-release-macos-arm64, r-release-macos-x86_64, r-oldrel-macos-arm64, r-oldrel-macos-x86_64