Last updated on 2022-05-25 06:54:33 CEST.
Flavor | Version | Tinstall | Tcheck | Ttotal | Status | Flags |
---|---|---|---|---|---|---|
r-devel-linux-x86_64-debian-clang | 1.0.4 | 37.45 | 348.03 | 385.48 | OK | |
r-devel-linux-x86_64-debian-gcc | 1.0.4 | 30.98 | 253.96 | 284.94 | OK | |
r-devel-linux-x86_64-fedora-clang | 1.0.4 | 485.38 | OK | |||
r-devel-linux-x86_64-fedora-gcc | 1.0.4 | 450.00 | OK | |||
r-devel-windows-x86_64 | 1.0.4 | 37.00 | 342.00 | 379.00 | OK | |
r-patched-linux-x86_64 | 1.0.4 | 37.25 | 329.36 | 366.61 | OK | |
r-release-linux-x86_64 | 1.0.4 | OK | ||||
r-release-macos-arm64 | 1.0.4 | 127.00 | OK | |||
r-release-macos-x86_64 | 1.0.4 | 171.00 | OK | |||
r-release-windows-x86_64 | 1.0.4 | 34.00 | 358.00 | 392.00 | OK | |
r-oldrel-macos-arm64 | 1.0.4 | 218.00 | OK | |||
r-oldrel-macos-x86_64 | 1.0.4 | 197.00 | NOTE | |||
r-oldrel-windows-ix86+x86_64 | 1.0.4 | 74.00 | 332.00 | 406.00 | OK |
Version: 1.0.4
Check: re-building of vignette outputs
Result: NOTE
Error(s) in re-building vignettes:
...
--- re-building ‘liayson.Rnw’ using Sweave
Ensembl site unresponsive, trying uswest mirror
Error: processing vignette 'liayson.Rnw' failed with diagnostics:
chunk 1
Error in readRDS(bfc[[rid]]) : unknown input format
--- failed re-building ‘liayson.Rnw’
SUMMARY: processing the following file failed:
‘liayson.Rnw’
Error: Vignette re-building failed.
Execution halted
Flavor: r-oldrel-macos-x86_64