Last updated on 2022-06-04 07:54:53 CEST.
Flavor | Version | Tinstall | Tcheck | Ttotal | Status | Flags |
---|---|---|---|---|---|---|
r-devel-linux-x86_64-debian-clang | 0.3.0 | 21.83 | 380.00 | 401.83 | ERROR | |
r-devel-linux-x86_64-debian-gcc | 0.3.0 | 15.66 | 279.77 | 295.43 | ERROR | |
r-devel-linux-x86_64-fedora-clang | 0.3.0 | 433.98 | ERROR | |||
r-devel-linux-x86_64-fedora-gcc | 0.3.0 | 446.19 | ERROR | |||
r-devel-windows-x86_64 | 0.3.0 | 71.00 | 366.00 | 437.00 | ERROR | |
r-patched-linux-x86_64 | 0.3.0 | 12.25 | 352.53 | 364.78 | OK | |
r-release-linux-x86_64 | 0.3.0 | 12.64 | 345.97 | 358.61 | OK | |
r-release-macos-arm64 | 0.3.0 | 85.00 | NOTE | |||
r-release-macos-x86_64 | 0.3.0 | 167.00 | NOTE | |||
r-release-windows-x86_64 | 0.3.0 | 84.00 | 378.00 | 462.00 | OK | |
r-oldrel-macos-arm64 | 0.3.0 | 99.00 | NOTE | |||
r-oldrel-macos-x86_64 | 0.3.0 | 313.00 | NOTE | |||
r-oldrel-windows-ix86+x86_64 | 0.3.0 | 38.00 | 424.00 | 462.00 | OK |
Version: 0.3.0
Check: tests
Result: ERROR
Running 'testthat.R' [153s/177s]
Running the tests in 'tests/testthat.R' failed.
Complete output:
> library(testthat)
> library(easyalluvial)
>
> test_check("easyalluvial")
[ FAIL 1 | WARN 0 | SKIP 16 | PASS 47 ]
== Skipped tests ===============================================================
* On CRAN (15)
* xgboost test skipped for performance (1)
== Failed tests ================================================================
-- Failure (test_plot_imp.R:37:3): add_importance_plot -------------------------
`p <- alluvial_model_response_caret(train, df, degree = 4, pred_train = pred_train)` did not produce any warnings.
[ FAIL 1 | WARN 0 | SKIP 16 | PASS 47 ]
Error: Test failures
Execution halted
Flavor: r-devel-linux-x86_64-debian-clang
Version: 0.3.0
Check: tests
Result: ERROR
Running ‘testthat.R’ [114s/183s]
Running the tests in ‘tests/testthat.R’ failed.
Complete output:
> library(testthat)
> library(easyalluvial)
>
> test_check("easyalluvial")
[ FAIL 1 | WARN 0 | SKIP 16 | PASS 47 ]
══ Skipped tests ═══════════════════════════════════════════════════════════════
• On CRAN (15)
• xgboost test skipped for performance (1)
══ Failed tests ════════════════════════════════════════════════════════════════
── Failure (test_plot_imp.R:37:3): add_importance_plot ─────────────────────────
`p <- alluvial_model_response_caret(train, df, degree = 4, pred_train = pred_train)` did not produce any warnings.
[ FAIL 1 | WARN 0 | SKIP 16 | PASS 47 ]
Error: Test failures
Execution halted
Flavor: r-devel-linux-x86_64-debian-gcc
Version: 0.3.0
Check: dependencies in R code
Result: NOTE
Namespace in Imports field not imported from: ‘progress’
All declared Imports should be used.
Flavors: r-devel-linux-x86_64-fedora-clang, r-devel-linux-x86_64-fedora-gcc, r-release-macos-arm64, r-release-macos-x86_64, r-oldrel-macos-arm64, r-oldrel-macos-x86_64
Version: 0.3.0
Check: tests
Result: ERROR
Running ‘testthat.R’ [161s/190s]
Running the tests in ‘tests/testthat.R’ failed.
Complete output:
> library(testthat)
> library(easyalluvial)
>
> test_check("easyalluvial")
[ FAIL 1 | WARN 0 | SKIP 16 | PASS 47 ]
══ Skipped tests ═══════════════════════════════════════════════════════════════
• On CRAN (15)
• xgboost test skipped for performance (1)
══ Failed tests ════════════════════════════════════════════════════════════════
── Failure (test_plot_imp.R:37:3): add_importance_plot ─────────────────────────
`p <- alluvial_model_response_caret(train, df, degree = 4, pred_train = pred_train)` did not produce any warnings.
[ FAIL 1 | WARN 0 | SKIP 16 | PASS 47 ]
Error: Test failures
Execution halted
Flavor: r-devel-linux-x86_64-fedora-clang
Version: 0.3.0
Check: tests
Result: ERROR
Running ‘testthat.R’ [171s/218s]
Running the tests in ‘tests/testthat.R’ failed.
Complete output:
> library(testthat)
> library(easyalluvial)
>
> test_check("easyalluvial")
[ FAIL 1 | WARN 0 | SKIP 16 | PASS 47 ]
══ Skipped tests ═══════════════════════════════════════════════════════════════
• On CRAN (15)
• xgboost test skipped for performance (1)
══ Failed tests ════════════════════════════════════════════════════════════════
── Failure (test_plot_imp.R:37:3): add_importance_plot ─────────────────────────
`p <- alluvial_model_response_caret(train, df, degree = 4, pred_train = pred_train)` did not produce any warnings.
[ FAIL 1 | WARN 0 | SKIP 16 | PASS 47 ]
Error: Test failures
Execution halted
Flavor: r-devel-linux-x86_64-fedora-gcc
Version: 0.3.0
Check: tests
Result: ERROR
Running 'testthat.R' [132s]
Running the tests in 'tests/testthat.R' failed.
Complete output:
> library(testthat)
> library(easyalluvial)
>
> test_check("easyalluvial")
[ FAIL 1 | WARN 0 | SKIP 16 | PASS 47 ]
══ Skipped tests ═══════════════════════════════════════════════════════════════
• On CRAN (15)
• xgboost test skipped for performance (1)
══ Failed tests ════════════════════════════════════════════════════════════════
── Failure (test_plot_imp.R:37:3): add_importance_plot ─────────────────────────
`p <- alluvial_model_response_caret(train, df, degree = 4, pred_train = pred_train)` did not produce any warnings.
[ FAIL 1 | WARN 0 | SKIP 16 | PASS 47 ]
Error: Test failures
Execution halted
Flavor: r-devel-windows-x86_64