Last updated on 2022-06-04 07:55:01 CEST.
Flavor | Version | Tinstall | Tcheck | Ttotal | Status | Flags |
---|---|---|---|---|---|---|
r-devel-linux-x86_64-debian-clang | 0.0.3 | 14.29 | 243.76 | 258.05 | OK | |
r-devel-linux-x86_64-debian-gcc | 0.0.3 | 13.58 | 182.16 | 195.74 | OK | |
r-devel-linux-x86_64-fedora-clang | 0.0.3 | 292.93 | NOTE | |||
r-devel-linux-x86_64-fedora-gcc | 0.0.3 | 289.31 | NOTE | |||
r-devel-windows-x86_64 | 0.0.3 | 158.00 | 243.00 | 401.00 | OK | |
r-patched-linux-x86_64 | 0.0.3 | 15.24 | 229.41 | 244.65 | OK | |
r-release-linux-x86_64 | 0.0.3 | 9.85 | 230.79 | 240.64 | OK | |
r-release-macos-arm64 | 0.0.3 | 54.00 | NOTE | |||
r-release-macos-x86_64 | 0.0.3 | 135.00 | NOTE | |||
r-release-windows-x86_64 | 0.0.3 | 140.00 | 240.00 | 380.00 | OK | |
r-oldrel-macos-arm64 | 0.0.3 | 67.00 | NOTE | |||
r-oldrel-macos-x86_64 | 0.0.3 | 76.00 | NOTE | |||
r-oldrel-windows-ix86+x86_64 | 0.0.3 | 41.00 | 267.00 | 308.00 | OK |
Version: 0.0.3
Check: dependencies in R code
Result: NOTE
Namespaces in Imports field not imported from:
‘magrittr’ ‘tibble’
All declared Imports should be used.
Flavors: r-devel-linux-x86_64-fedora-clang, r-devel-linux-x86_64-fedora-gcc, r-release-macos-arm64, r-release-macos-x86_64, r-oldrel-macos-arm64, r-oldrel-macos-x86_64