Last updated on 2022-06-04 07:55:09 CEST.
Flavor | Version | Tinstall | Tcheck | Ttotal | Status | Flags |
---|---|---|---|---|---|---|
r-devel-linux-x86_64-debian-clang | 0.2.0 | 5.25 | 149.23 | 154.48 | OK | |
r-devel-linux-x86_64-debian-gcc | 0.2.0 | 4.00 | 108.91 | 112.91 | OK | |
r-devel-linux-x86_64-fedora-clang | 0.2.0 | 175.81 | NOTE | |||
r-devel-linux-x86_64-fedora-gcc | 0.2.0 | 178.37 | NOTE | |||
r-devel-windows-x86_64 | 0.2.0 | 33.00 | 162.00 | 195.00 | OK | |
r-patched-linux-x86_64 | 0.2.0 | 6.29 | 137.87 | 144.16 | OK | |
r-release-linux-x86_64 | 0.2.0 | 3.21 | 139.58 | 142.79 | OK | |
r-release-macos-arm64 | 0.2.0 | 52.00 | NOTE | |||
r-release-macos-x86_64 | 0.2.0 | 86.00 | NOTE | |||
r-release-windows-x86_64 | 0.2.0 | 27.00 | 164.00 | 191.00 | OK | |
r-oldrel-macos-arm64 | 0.2.0 | 81.00 | NOTE | |||
r-oldrel-macos-x86_64 | 0.2.0 | 87.00 | NOTE | |||
r-oldrel-windows-ix86+x86_64 | 0.2.0 | 15.00 | 175.00 | 190.00 | OK |
Version: 0.2.0
Check: dependencies in R code
Result: NOTE
Namespace in Imports field not imported from: ‘parcats’
All declared Imports should be used.
Flavors: r-devel-linux-x86_64-fedora-clang, r-devel-linux-x86_64-fedora-gcc, r-release-macos-arm64, r-release-macos-x86_64, r-oldrel-macos-arm64, r-oldrel-macos-x86_64