Last updated on 2022-06-08 18:49:36 CEST.
Flavor | Version | Tinstall | Tcheck | Ttotal | Status | Flags |
---|---|---|---|---|---|---|
r-devel-linux-x86_64-debian-clang | 1.6 | 9.55 | 51.12 | 60.67 | NOTE | |
r-devel-linux-x86_64-debian-gcc | 1.6 | 8.89 | 36.63 | 45.52 | NOTE | |
r-devel-linux-x86_64-fedora-clang | 1.6 | 75.51 | NOTE | |||
r-devel-linux-x86_64-fedora-gcc | 1.6 | 76.05 | NOTE | |||
r-devel-windows-x86_64 | 1.6 | 21.00 | 69.00 | 90.00 | NOTE | |
r-patched-linux-x86_64 | 1.6 | 9.12 | 47.99 | 57.11 | NOTE | |
r-release-linux-x86_64 | 1.6 | 8.95 | 47.37 | 56.32 | NOTE | |
r-release-macos-arm64 | 1.6 | 23.00 | NOTE | |||
r-release-macos-x86_64 | 1.6 | 30.00 | NOTE | |||
r-release-windows-x86_64 | 1.6 | 21.00 | 69.00 | 90.00 | NOTE | |
r-oldrel-macos-arm64 | 1.6 | 25.00 | NOTE | |||
r-oldrel-macos-x86_64 | 1.6 | 38.00 | NOTE | |||
r-oldrel-windows-ix86+x86_64 | 1.6 | 23.00 | 79.00 | 102.00 | NOTE |
Version: 1.6
Check: R code for possible problems
Result: NOTE
DS: no visible global function definition for 'is.ts'
DS: no visible global function definition for 'ts'
DS: no visible global function definition for 'tsp<-'
DS: no visible global function definition for 'tsp'
KF: no visible global function definition for 'ts'
KF: no visible global function definition for 'tsp<-'
KF: no visible global function definition for 'tsp'
KF.deriv: no visible global function definition for 'ts'
KF.deriv: no visible global function definition for 'tsp<-'
KF.deriv: no visible global function definition for 'tsp'
KF.deriv.C: no visible global function definition for 'ts'
KF.deriv.C: no visible global function definition for 'tsp<-'
KF.deriv.C: no visible global function definition for 'tsp'
KS: no visible global function definition for 'is.ts'
KS: no visible global function definition for 'ts'
KS: no visible global function definition for 'tsp<-'
KS: no visible global function definition for 'tsp'
KS.deriv: no visible global function definition for 'ts'
KS.deriv: no visible global function definition for 'frequency'
KS.deriv: no visible global function definition for 'end'
KS.deriv: no visible global function definition for 'tsp<-'
KS.deriv: no visible global function definition for 'tsp'
KSDS: no visible global function definition for 'ts'
KSDS: no visible global function definition for 'frequency'
KSDS: no visible global function definition for 'end'
KSDS: no visible global function definition for 'tsp<-'
KSDS: no visible global function definition for 'tsp'
KSDS.deriv: no visible global function definition for 'ts'
KSDS.deriv: no visible global function definition for 'frequency'
KSDS.deriv: no visible global function definition for 'end'
KSDS.deriv: no visible global function definition for 'tsp<-'
KSDS.deriv: no visible global function definition for 'tsp'
KalmanFilter: no visible global function definition for 'ts'
KalmanFilter: no visible global function definition for 'tsp<-'
KalmanFilter: no visible global function definition for 'tsp'
predict.stsmSS: no visible global function definition for 'frequency'
predict.stsmSS: no visible global function definition for 'tsp'
predict.stsmSS: no visible global function definition for 'ts'
Undefined global functions or variables:
end frequency is.ts ts tsp tsp<-
Consider adding
importFrom("stats", "end", "frequency", "is.ts", "ts", "tsp", "tsp<-")
to your NAMESPACE file.
Flavors: r-devel-linux-x86_64-debian-clang, r-devel-linux-x86_64-debian-gcc, r-devel-linux-x86_64-fedora-clang, r-devel-linux-x86_64-fedora-gcc, r-devel-windows-x86_64, r-patched-linux-x86_64, r-release-linux-x86_64, r-release-macos-arm64, r-release-macos-x86_64, r-release-windows-x86_64, r-oldrel-macos-arm64, r-oldrel-macos-x86_64, r-oldrel-windows-ix86+x86_64
Version: 1.6
Check: compiled code
Result: NOTE
File ‘KFKSDS/libs/KFKSDS.so’:
Found no calls to: ‘R_registerRoutines’, ‘R_useDynamicSymbols’
It is good practice to register native routines and to disable symbol
search.
See ‘Writing portable packages’ in the ‘Writing R Extensions’ manual.
Flavors: r-devel-linux-x86_64-fedora-clang, r-devel-linux-x86_64-fedora-gcc