Last updated on 2022-06-09 07:51:32 CEST.
Flavor | Version | Tinstall | Tcheck | Ttotal | Status | Flags |
---|---|---|---|---|---|---|
r-devel-linux-x86_64-debian-clang | 2.1 | 3.34 | 46.20 | 49.54 | NOTE | |
r-devel-linux-x86_64-debian-gcc | 2.1 | 3.16 | 36.24 | 39.40 | NOTE | |
r-devel-linux-x86_64-fedora-clang | 2.1 | 60.49 | NOTE | |||
r-devel-linux-x86_64-fedora-gcc | 2.1 | 60.18 | NOTE | |||
r-devel-windows-x86_64 | 2.1 | 25.00 | 64.00 | 89.00 | NOTE | |
r-patched-linux-x86_64 | 2.1 | 3.99 | 44.73 | 48.72 | NOTE | |
r-release-linux-x86_64 | 2.1 | 3.93 | 45.26 | 49.19 | NOTE | |
r-release-macos-arm64 | 2.1 | 20.00 | NOTE | |||
r-release-macos-x86_64 | 2.1 | 30.00 | NOTE | |||
r-release-windows-x86_64 | 2.1 | 20.00 | 64.00 | 84.00 | NOTE | |
r-oldrel-macos-arm64 | 2.1 | 29.00 | NOTE | |||
r-oldrel-macos-x86_64 | 2.1 | 42.00 | NOTE | |||
r-oldrel-windows-ix86+x86_64 | 2.1 | 12.00 | 59.00 | 71.00 | NOTE |
Version: 2.1
Check: DESCRIPTION meta-information
Result: NOTE
Malformed Description field: should contain one or more complete sentences.
Flavors: r-devel-linux-x86_64-debian-clang, r-devel-linux-x86_64-debian-gcc, r-devel-linux-x86_64-fedora-clang, r-devel-linux-x86_64-fedora-gcc, r-devel-windows-x86_64, r-patched-linux-x86_64, r-release-linux-x86_64, r-release-macos-arm64, r-release-macos-x86_64, r-release-windows-x86_64, r-oldrel-macos-arm64, r-oldrel-macos-x86_64, r-oldrel-windows-ix86+x86_64
Version: 2.1
Check: R code for possible problems
Result: NOTE
GA_search : subset_score: no visible global function definition for
'combn'
choose_lambda : subset_score: no visible global function definition for
'combn'
cond.fyx: no visible global function definition for 'var'
cond.fyx: no visible global function definition for 'cor'
diff_gen_PPI: no visible global function definition for 'cov'
diff_gen_PPI: no visible global function definition for 'sd'
f.test: no visible binding for global variable 'var'
get_quantiles : node_edge: no visible global function definition for
'combn'
score_scaling: no visible global function definition for 'hist'
score_scaling: no visible global function definition for 'sd'
Undefined global functions or variables:
combn cor cov hist sd var
Consider adding
importFrom("graphics", "hist")
importFrom("stats", "cor", "cov", "sd", "var")
importFrom("utils", "combn")
to your NAMESPACE file.
Flavors: r-devel-linux-x86_64-debian-clang, r-devel-linux-x86_64-debian-gcc, r-devel-linux-x86_64-fedora-clang, r-devel-linux-x86_64-fedora-gcc, r-devel-windows-x86_64, r-patched-linux-x86_64, r-release-linux-x86_64, r-release-macos-arm64, r-release-macos-x86_64, r-release-windows-x86_64, r-oldrel-macos-arm64, r-oldrel-macos-x86_64, r-oldrel-windows-ix86+x86_64