Last updated on 2022-06-09 07:51:31 CEST.
Flavor | Version | Tinstall | Tcheck | Ttotal | Status | Flags |
---|---|---|---|---|---|---|
r-devel-linux-x86_64-debian-clang | 1.0 | 3.44 | 35.94 | 39.38 | NOTE | |
r-devel-linux-x86_64-debian-gcc | 1.0 | 2.59 | 27.89 | 30.48 | NOTE | |
r-devel-linux-x86_64-fedora-clang | 1.0 | 46.98 | NOTE | |||
r-devel-linux-x86_64-fedora-gcc | 1.0 | 46.73 | NOTE | |||
r-devel-windows-x86_64 | 1.0 | 10.00 | 47.00 | 57.00 | NOTE | |
r-patched-linux-x86_64 | 1.0 | 3.28 | 35.60 | 38.88 | NOTE | |
r-release-linux-x86_64 | 1.0 | 3.31 | 35.37 | 38.68 | NOTE | |
r-release-macos-arm64 | 1.0 | 16.00 | NOTE | |||
r-release-macos-x86_64 | 1.0 | 23.00 | NOTE | |||
r-release-windows-x86_64 | 1.0 | 7.00 | 47.00 | 54.00 | NOTE | |
r-oldrel-macos-arm64 | 1.0 | 21.00 | NOTE | |||
r-oldrel-macos-x86_64 | 1.0 | 29.00 | NOTE | |||
r-oldrel-windows-ix86+x86_64 | 1.0 | 6.00 | 38.00 | 44.00 | NOTE |
Version: 1.0
Check: DESCRIPTION meta-information
Result: NOTE
Malformed Description field: should contain one or more complete sentences.
Flavors: r-devel-linux-x86_64-debian-clang, r-devel-linux-x86_64-debian-gcc, r-devel-linux-x86_64-fedora-clang, r-devel-linux-x86_64-fedora-gcc, r-devel-windows-x86_64, r-patched-linux-x86_64, r-release-linux-x86_64, r-release-macos-arm64, r-release-macos-x86_64, r-release-windows-x86_64, r-oldrel-macos-arm64, r-oldrel-macos-x86_64, r-oldrel-windows-ix86+x86_64
Version: 1.0
Check: R code for possible problems
Result: NOTE
MomNIT: no visible global function definition for 'dnorm'
MomNIT: no visible global function definition for 'pnorm'
cdfNI: no visible global function definition for 'pnorm'
cdfNI: no visible global function definition for 'pt'
em.cens: no visible global function definition for 'lm'
em.cens: no visible global function definition for 'coefficients'
em.cens : ft: no visible global function definition for 'dt'
em.cens : ft: no visible global function definition for 'pt'
em.cens: no visible global function definition for 'optimize'
em.cens: no visible global function definition for 'dnorm'
em.cens: no visible global function definition for 'pnorm'
em.cens: no visible global function definition for 'sd'
Undefined global functions or variables:
coefficients dnorm dt lm optimize pnorm pt sd
Consider adding
importFrom("stats", "coefficients", "dnorm", "dt", "lm", "optimize",
"pnorm", "pt", "sd")
to your NAMESPACE file.
Flavors: r-devel-linux-x86_64-debian-clang, r-devel-linux-x86_64-debian-gcc, r-devel-linux-x86_64-fedora-clang, r-devel-linux-x86_64-fedora-gcc, r-devel-windows-x86_64, r-patched-linux-x86_64, r-release-linux-x86_64, r-release-macos-arm64, r-release-macos-x86_64, r-release-windows-x86_64, r-oldrel-macos-arm64, r-oldrel-macos-x86_64, r-oldrel-windows-ix86+x86_64