Last updated on 2022-06-09 07:51:33 CEST.
| Flavor | Version | Tinstall | Tcheck | Ttotal | Status | Flags | 
|---|---|---|---|---|---|---|
| r-devel-linux-x86_64-debian-clang | 0.2-0 | 19.76 | 134.87 | 154.63 | NOTE | |
| r-devel-linux-x86_64-debian-gcc | 0.2-0 | 16.19 | 99.46 | 115.65 | NOTE | |
| r-devel-linux-x86_64-fedora-clang | 0.2-0 | 162.29 | NOTE | |||
| r-devel-linux-x86_64-fedora-gcc | 0.2-0 | 164.59 | NOTE | |||
| r-devel-windows-x86_64 | 0.2-0 | 35.00 | 128.00 | 163.00 | NOTE | |
| r-patched-linux-x86_64 | 0.2-0 | 16.13 | 129.66 | 145.79 | NOTE | |
| r-release-linux-x86_64 | 0.2-0 | 18.38 | 128.78 | 147.16 | NOTE | |
| r-release-macos-arm64 | 0.2-0 | 44.00 | NOTE | |||
| r-release-macos-x86_64 | 0.2-0 | 81.00 | NOTE | |||
| r-release-windows-x86_64 | 0.2-0 | 29.00 | 137.00 | 166.00 | NOTE | |
| r-oldrel-macos-arm64 | 0.2-0 | 68.00 | NOTE | |||
| r-oldrel-macos-x86_64 | 0.2-0 | 89.00 | NOTE | |||
| r-oldrel-windows-ix86+x86_64 | 0.2-0 | 40.00 | 129.00 | 169.00 | NOTE | 
Version: 0.2-0
Check: dependencies in R code
Result: NOTE
    Package in Depends field not imported from: 'Deducer'
      These packages need to be imported from (in the NAMESPACE file)
      for when this namespace is loaded but not attached.
Flavors: r-devel-linux-x86_64-debian-clang, r-devel-linux-x86_64-debian-gcc, r-devel-linux-x86_64-fedora-clang, r-devel-linux-x86_64-fedora-gcc, r-devel-windows-x86_64, r-patched-linux-x86_64, r-release-linux-x86_64, r-release-macos-arm64, r-release-macos-x86_64, r-release-windows-x86_64, r-oldrel-macos-arm64, r-oldrel-macos-x86_64, r-oldrel-windows-ix86+x86_64
Version: 0.2-0
Check: R code for possible problems
Result: NOTE
    .factorAnalysisRunFunction: no visible global function definition for
      'execute'
    .onLoad: no visible binding for global variable '.deducer'
    .onLoad: no visible global function definition for '.jnull'
    .onLoad: no visible global function definition for '.jpackage'
    .onLoad: no visible global function definition for '.registerDialog'
    .onLoad: no visible global function definition for 'deducer.addMenu'
    .onLoad: no visible global function definition for
      'deducer.addMenuItem'
    .onLoad: no visible binding for global variable '.windowsGUI'
    .onLoad: no visible binding for global variable '.jgr'
    .onLoad: no visible global function definition for 'jgr.addMenu'
    .onLoad: no visible global function definition for 'jgr.addMenuItem'
    makeFactorAnalysisDialog: no visible global function definition for
      'new'
    makeFactorAnalysisDialog: no visible binding for global variable
      'SimpleRDialog'
    makeFactorAnalysisDialog: no visible binding for global variable
      'VariableSelectorWidget'
    makeFactorAnalysisDialog: no visible global function definition for
      'addComponent'
    makeFactorAnalysisDialog: no visible binding for global variable
      'VariableListWidget'
    makeFactorAnalysisDialog: no visible binding for global variable
      'CheckBoxesWidget'
    makeFactorAnalysisDialog: no visible global function definition for
      'toJava'
    makeListExampleDialog: no visible global function definition for 'new'
    makeListExampleDialog: no visible binding for global variable
      'ListWidget'
    makeListExampleDialog: no visible global function definition for
      'setSize'
    makeListExampleDialog: no visible binding for global variable
      'AddRemoveButtons'
    makeListExampleDialog: no visible binding for global variable
      'SimpleRDialog'
    makeListExampleDialog: no visible global function definition for
      'addComponent'
    makeListExampleDialog: no visible global function definition for
      'toJava'
    makeScatterPlotDialog: no visible global function definition for 'J'
    makeScatterPlotDialog: no visible global function definition for 'new'
    Undefined global functions or variables:
      .deducer .jgr .jnull .jpackage .registerDialog .windowsGUI
      AddRemoveButtons CheckBoxesWidget J ListWidget SimpleRDialog
      VariableListWidget VariableSelectorWidget addComponent
      deducer.addMenu deducer.addMenuItem execute jgr.addMenu
      jgr.addMenuItem new setSize toJava
    Consider adding
      importFrom("methods", "new")
    to your NAMESPACE file (and ensure that your DESCRIPTION Imports field
    contains 'methods').
Flavors: r-devel-linux-x86_64-debian-clang, r-devel-linux-x86_64-debian-gcc, r-devel-linux-x86_64-fedora-clang, r-devel-linux-x86_64-fedora-gcc, r-patched-linux-x86_64, r-release-linux-x86_64, r-release-macos-arm64, r-release-macos-x86_64, r-oldrel-macos-arm64, r-oldrel-macos-x86_64
Version: 0.2-0
Check: R code for possible problems
Result: NOTE
    .factorAnalysisRunFunction: no visible global function definition for
      'execute'
    .onLoad: no visible binding for global variable '.deducer'
    .onLoad: no visible global function definition for '.jnull'
    .onLoad: no visible global function definition for '.jpackage'
    .onLoad: no visible global function definition for '.registerDialog'
    .onLoad: no visible global function definition for 'deducer.addMenu'
    .onLoad: no visible global function definition for
      'deducer.addMenuItem'
    .onLoad: no visible binding for global variable '.windowsGUI'
    .onLoad: no visible global function definition for 'winMenuAdd'
    .onLoad: no visible global function definition for 'winMenuAddItem'
    .onLoad: no visible binding for global variable '.jgr'
    .onLoad: no visible global function definition for 'jgr.addMenu'
    .onLoad: no visible global function definition for 'jgr.addMenuItem'
    makeFactorAnalysisDialog: no visible global function definition for
      'new'
    makeFactorAnalysisDialog: no visible binding for global variable
      'SimpleRDialog'
    makeFactorAnalysisDialog: no visible binding for global variable
      'VariableSelectorWidget'
    makeFactorAnalysisDialog: no visible global function definition for
      'addComponent'
    makeFactorAnalysisDialog: no visible binding for global variable
      'VariableListWidget'
    makeFactorAnalysisDialog: no visible binding for global variable
      'CheckBoxesWidget'
    makeFactorAnalysisDialog: no visible global function definition for
      'toJava'
    makeListExampleDialog: no visible global function definition for 'new'
    makeListExampleDialog: no visible binding for global variable
      'ListWidget'
    makeListExampleDialog: no visible global function definition for
      'setSize'
    makeListExampleDialog: no visible binding for global variable
      'AddRemoveButtons'
    makeListExampleDialog: no visible binding for global variable
      'SimpleRDialog'
    makeListExampleDialog: no visible global function definition for
      'addComponent'
    makeListExampleDialog: no visible global function definition for
      'toJava'
    makeScatterPlotDialog: no visible global function definition for 'J'
    makeScatterPlotDialog: no visible global function definition for 'new'
    Undefined global functions or variables:
      .deducer .jgr .jnull .jpackage .registerDialog .windowsGUI
      AddRemoveButtons CheckBoxesWidget J ListWidget SimpleRDialog
      VariableListWidget VariableSelectorWidget addComponent
      deducer.addMenu deducer.addMenuItem execute jgr.addMenu
      jgr.addMenuItem new setSize toJava winMenuAdd winMenuAddItem
    Consider adding
      importFrom("methods", "new")
      importFrom("utils", "winMenuAdd", "winMenuAddItem")
    to your NAMESPACE file (and ensure that your DESCRIPTION Imports field
    contains 'methods').
Flavors: r-devel-windows-x86_64, r-release-windows-x86_64, r-oldrel-windows-ix86+x86_64