Last updated on 2022-06-09 08:52:03 CEST.
Flavor | Version | Tinstall | Tcheck | Ttotal | Status | Flags |
---|---|---|---|---|---|---|
r-devel-linux-x86_64-debian-clang | 0.7.1 | 3.67 | 47.51 | 51.18 | NOTE | |
r-devel-linux-x86_64-debian-gcc | 0.7.1 | 3.75 | 37.20 | 40.95 | NOTE | |
r-devel-linux-x86_64-fedora-clang | 0.7.1 | 63.54 | NOTE | |||
r-devel-linux-x86_64-fedora-gcc | 0.7.1 | 62.16 | NOTE | |||
r-devel-windows-x86_64 | 0.7.1 | 14.00 | 67.00 | 81.00 | NOTE | |
r-patched-linux-x86_64 | 0.7.1 | 4.87 | 46.67 | 51.54 | NOTE | |
r-release-linux-x86_64 | 0.7.1 | 3.56 | 46.40 | 49.96 | NOTE | |
r-release-macos-arm64 | 0.7.1 | 20.00 | NOTE | |||
r-release-macos-x86_64 | 0.7.1 | 38.00 | NOTE | |||
r-release-windows-x86_64 | 0.7.1 | 13.00 | 61.00 | 74.00 | NOTE | |
r-oldrel-macos-arm64 | 0.7.1 | 32.00 | NOTE | |||
r-oldrel-macos-x86_64 | 0.7.1 | 36.00 | NOTE | |||
r-oldrel-windows-ix86+x86_64 | 0.7.1 | 13.00 | 54.00 | 67.00 | NOTE |
Version: 0.7.1
Check: LazyData
Result: NOTE
'LazyData' is specified without a 'data' directory
Flavors: r-devel-linux-x86_64-debian-clang, r-devel-linux-x86_64-debian-gcc, r-devel-linux-x86_64-fedora-clang, r-devel-linux-x86_64-fedora-gcc, r-devel-windows-x86_64, r-patched-linux-x86_64, r-release-linux-x86_64, r-release-macos-arm64, r-release-macos-x86_64, r-release-windows-x86_64, r-oldrel-macos-arm64, r-oldrel-macos-x86_64, r-oldrel-windows-ix86+x86_64