Last updated on 2022-06-10 15:51:41 CEST.
Flavor | Version | Tinstall | Tcheck | Ttotal | Status | Flags |
---|---|---|---|---|---|---|
r-devel-linux-x86_64-debian-clang | 1.2 | 11.36 | 106.78 | 118.14 | NOTE | |
r-devel-linux-x86_64-debian-gcc | 1.2 | 9.97 | 78.63 | 88.60 | NOTE | |
r-devel-linux-x86_64-fedora-clang | 1.2 | 142.94 | NOTE | |||
r-devel-windows-x86_64 | 1.2 | 13.00 | 116.00 | 129.00 | NOTE | |
r-patched-linux-x86_64 | 1.2 | 11.31 | 99.67 | 110.98 | NOTE | |
r-release-linux-x86_64 | 1.2 | NOTE | ||||
r-release-macos-arm64 | 1.2 | 38.00 | NOTE | |||
r-release-macos-x86_64 | 1.2 | 64.00 | NOTE | |||
r-release-windows-x86_64 | 1.2 | 15.00 | 114.00 | 129.00 | NOTE | |
r-oldrel-macos-arm64 | 1.2 | 41.00 | NOTE | |||
r-oldrel-macos-x86_64 | 1.2 | 71.00 | NOTE | |||
r-oldrel-windows-ix86+x86_64 | 1.2 | 26.00 | 110.00 | 136.00 | NOTE |
Version: 1.2
Check: R code for possible problems
Result: NOTE
cdf.pval: no visible global function definition for 'median'
cdf.pval: no visible binding for global variable 'ecdf'
find_hits: no visible global function definition for 'na.omit'
mad.scores: no visible global function definition for 'as.formula'
mad.scores: no visible binding for global variable 'median'
mad.scores: no visible binding for global variable 'mad'
rm.outliers: no visible global function definition for 'as.formula'
rm.outliers: no visible binding for global variable 'median'
rm.outliers: no visible binding for global variable 'mad'
Undefined global functions or variables:
as.formula ecdf mad median na.omit
Consider adding
importFrom("stats", "as.formula", "ecdf", "mad", "median", "na.omit")
to your NAMESPACE file.
Found the following calls to attach():
File 'MIPHENO/R/cdf.pval.R':
attach(sample.cdf)
See section 'Good practice' in '?attach'.
Flavors: r-devel-linux-x86_64-debian-clang, r-devel-linux-x86_64-debian-gcc, r-patched-linux-x86_64, r-release-linux-x86_64
Version: 1.2
Check: R code for possible problems
Result: NOTE
cdf.pval: no visible global function definition for ‘median’
cdf.pval: no visible binding for global variable ‘ecdf’
find_hits: no visible global function definition for ‘na.omit’
mad.scores: no visible global function definition for ‘as.formula’
mad.scores: no visible binding for global variable ‘median’
mad.scores: no visible binding for global variable ‘mad’
rm.outliers: no visible global function definition for ‘as.formula’
rm.outliers: no visible binding for global variable ‘median’
rm.outliers: no visible binding for global variable ‘mad’
Undefined global functions or variables:
as.formula ecdf mad median na.omit
Consider adding
importFrom("stats", "as.formula", "ecdf", "mad", "median", "na.omit")
to your NAMESPACE file.
Flavors: r-devel-linux-x86_64-fedora-clang, r-devel-windows-x86_64, r-release-macos-arm64, r-release-macos-x86_64, r-release-windows-x86_64, r-oldrel-macos-arm64, r-oldrel-macos-x86_64, r-oldrel-windows-ix86+x86_64