Last updated on 2022-06-10 15:51:47 CEST.
Flavor | Version | Tinstall | Tcheck | Ttotal | Status | Flags |
---|---|---|---|---|---|---|
r-devel-linux-x86_64-debian-clang | 1.2 | 13.40 | 134.22 | 147.62 | NOTE | |
r-devel-linux-x86_64-debian-gcc | 1.2 | 11.17 | 99.30 | 110.47 | NOTE | |
r-devel-linux-x86_64-fedora-clang | 1.2 | 180.59 | NOTE | |||
r-devel-windows-x86_64 | 1.2 | 19.00 | 151.00 | 170.00 | NOTE | |
r-patched-linux-x86_64 | 1.2 | 13.82 | 128.55 | 142.37 | NOTE | |
r-release-linux-x86_64 | 1.2 | NOTE | ||||
r-release-macos-arm64 | 1.2 | 56.00 | NOTE | |||
r-release-macos-x86_64 | 1.2 | 90.00 | NOTE | |||
r-release-windows-x86_64 | 1.2 | 17.00 | 155.00 | 172.00 | NOTE | |
r-oldrel-macos-arm64 | 1.2 | 84.00 | NOTE | |||
r-oldrel-macos-x86_64 | 1.2 | 73.00 | NOTE | |||
r-oldrel-windows-ix86+x86_64 | 1.2 | 31.00 | 134.00 | 165.00 | NOTE |
Version: 1.2
Check: R code for possible problems
Result: NOTE
.ACF.compute: no visible global function definition for 'pnorm'
.ACF.compute: no visible global function definition for 'qnorm'
.ACF.compute: no visible global function definition for 'pchisq'
.ACF.plot: no visible global function definition for 'abline'
.ADF.compute: no visible global function definition for 'qnorm'
.ADF.compute: no visible global function definition for 'chisq.test'
.ADF.compute: no visible global function definition for 'qchisq'
.ADF.compute: no visible global function definition for 'pchisq'
.ADF.plot: no visible global function definition for 'abline'
.CADF.plot: no visible global function definition for 'points'
.DeltaADF.plot: no visible global function definition for 'abline'
.RPADF.compute: no visible global function definition for 'pchisq'
.RPADF.compute: no visible global function definition for 'qchisq'
.RPADF.plot: no visible global function definition for 'abline'
.RPADF.plot: no visible global function definition for 'rect'
.fmin: no visible global function definition for 'optimize'
.fobj: no visible global function definition for 'pchisq'
.gen.plot: no visible global function definition for 'axis'
.gen.plot: no visible global function definition for 'box'
.gen.plot: no visible global function definition for 'abline'
.lcv: no visible global function definition for 'bw.nrd0'
.lcv: no visible global function definition for 'nlm'
ADF: no visible binding for global variable 'p.adjust.methods'
ADF: no visible global function definition for 'p.adjust'
Undefined global functions or variables:
abline axis box bw.nrd0 chisq.test nlm optimize p.adjust
p.adjust.methods pchisq pnorm points qchisq qnorm rect
Consider adding
importFrom("graphics", "abline", "axis", "box", "points", "rect")
importFrom("stats", "bw.nrd0", "chisq.test", "nlm", "optimize",
"p.adjust", "p.adjust.methods", "pchisq", "pnorm", "qchisq",
"qnorm")
to your NAMESPACE file.
Flavors: r-devel-linux-x86_64-debian-clang, r-devel-linux-x86_64-debian-gcc, r-devel-linux-x86_64-fedora-clang, r-devel-windows-x86_64, r-patched-linux-x86_64, r-release-linux-x86_64, r-release-macos-arm64, r-release-macos-x86_64, r-release-windows-x86_64, r-oldrel-macos-arm64, r-oldrel-macos-x86_64, r-oldrel-windows-ix86+x86_64