Last updated on 2022-06-10 15:51:52 CEST.
Flavor | Version | Tinstall | Tcheck | Ttotal | Status | Flags |
---|---|---|---|---|---|---|
r-devel-linux-x86_64-debian-clang | 1.0 | 5.86 | 93.06 | 98.92 | NOTE | |
r-devel-linux-x86_64-debian-gcc | 1.0 | 5.13 | 67.06 | 72.19 | NOTE | |
r-devel-linux-x86_64-fedora-clang | 1.0 | 113.65 | NOTE | |||
r-devel-windows-x86_64 | 1.0 | 19.00 | 111.00 | 130.00 | NOTE | |
r-patched-linux-x86_64 | 1.0 | 5.45 | 84.91 | 90.36 | NOTE | |
r-release-linux-x86_64 | 1.0 | NOTE | ||||
r-release-macos-arm64 | 1.0 | 30.00 | NOTE | |||
r-release-macos-x86_64 | 1.0 | 59.00 | NOTE | |||
r-release-windows-x86_64 | 1.0 | 18.00 | 106.00 | 124.00 | NOTE | |
r-oldrel-macos-arm64 | 1.0 | 35.00 | NOTE | |||
r-oldrel-macos-x86_64 | 1.0 | 47.00 | NOTE | |||
r-oldrel-windows-ix86+x86_64 | 1.0 | 17.00 | 318.00 | 335.00 | NOTE |
Version: 1.0
Check: R code for possible problems
Result: NOTE
Func.SAX: no visible global function definition for 'sd'
Func.SAX: no visible global function definition for 'qnorm'
Func.matrix: no visible global function definition for 'qnorm'
Func.motif: no visible global function definition for 'sd'
Func.motif: no visible global function definition for 'na.omit'
Func.motif: no visible global function definition for 'combn'
Func.motif.multivariate: no visible global function definition for
'txtProgressBar'
Func.motif.multivariate: no visible global function definition for
'setTxtProgressBar'
Undefined global functions or variables:
combn na.omit qnorm sd setTxtProgressBar txtProgressBar
Consider adding
importFrom("stats", "na.omit", "qnorm", "sd")
importFrom("utils", "combn", "setTxtProgressBar", "txtProgressBar")
to your NAMESPACE file.
Flavors: r-devel-linux-x86_64-debian-clang, r-devel-linux-x86_64-debian-gcc, r-devel-linux-x86_64-fedora-clang, r-devel-windows-x86_64, r-patched-linux-x86_64, r-release-linux-x86_64, r-release-macos-arm64, r-release-macos-x86_64, r-release-windows-x86_64, r-oldrel-macos-arm64, r-oldrel-macos-x86_64, r-oldrel-windows-ix86+x86_64