Last updated on 2022-06-10 15:51:52 CEST.
Flavor | Version | Tinstall | Tcheck | Ttotal | Status | Flags |
---|---|---|---|---|---|---|
r-devel-linux-x86_64-debian-clang | 0.7 | 4.99 | 55.05 | 60.04 | NOTE | |
r-devel-linux-x86_64-debian-gcc | 0.7 | 3.96 | 41.26 | 45.22 | NOTE | |
r-devel-linux-x86_64-fedora-clang | 0.7 | 71.05 | NOTE | |||
r-devel-windows-x86_64 | 0.7 | 23.00 | 66.00 | 89.00 | NOTE | |
r-patched-linux-x86_64 | 0.7 | 5.13 | 52.66 | 57.79 | NOTE | |
r-release-linux-x86_64 | 0.7 | NOTE | ||||
r-release-macos-arm64 | 0.7 | 21.00 | NOTE | |||
r-release-macos-x86_64 | 0.7 | 27.00 | NOTE | |||
r-release-windows-x86_64 | 0.7 | 11.00 | 65.00 | 76.00 | NOTE | |
r-oldrel-macos-arm64 | 0.7 | 22.00 | NOTE | |||
r-oldrel-macos-x86_64 | 0.7 | 37.00 | NOTE | |||
r-oldrel-windows-ix86+x86_64 | 0.7 | 9.00 | 57.00 | 66.00 | NOTE |
Version: 0.7
Check: DESCRIPTION meta-information
Result: NOTE
Malformed Description field: should contain one or more complete sentences.
Flavors: r-devel-linux-x86_64-debian-clang, r-devel-linux-x86_64-debian-gcc, r-devel-linux-x86_64-fedora-clang, r-devel-windows-x86_64, r-patched-linux-x86_64, r-release-linux-x86_64, r-release-macos-arm64, r-release-macos-x86_64, r-release-windows-x86_64, r-oldrel-macos-arm64, r-oldrel-macos-x86_64, r-oldrel-windows-ix86+x86_64
Version: 0.7
Check: R code for possible problems
Result: NOTE
Mammen: no visible global function definition for 'runif'
PR2: no visible global function definition for 'ar.burg'
PR2: no visible global function definition for 'pt'
PR2: no visible global function definition for 'pf'
PR3: no visible global function definition for 'ar.burg'
PR3: no visible global function definition for 'pt'
PR3: no visible global function definition for 'pf'
VAR.FOR: no visible global function definition for 'qnorm'
VAR.ForeB: no visible global function definition for 'runif'
VAR.LRtest: no visible global function definition for 'pchisq'
VAR.LRtest: no visible global function definition for 'pf'
VAR.PI: no visible global function definition for 'quantile'
VAR.Waldtest: no visible global function definition for 'pf'
VAR.irf: no visible global function definition for 'par'
VAR.irf: no visible global function definition for 'abline'
VAR1.sim: no visible global function definition for 'rnorm'
resamp: no visible global function definition for 'runif'
Undefined global functions or variables:
abline ar.burg par pchisq pf pt qnorm quantile rnorm runif
Consider adding
importFrom("graphics", "abline", "par")
importFrom("stats", "ar.burg", "pchisq", "pf", "pt", "qnorm",
"quantile", "rnorm", "runif")
to your NAMESPACE file.
Flavors: r-devel-linux-x86_64-debian-clang, r-devel-linux-x86_64-debian-gcc, r-devel-linux-x86_64-fedora-clang, r-devel-windows-x86_64, r-patched-linux-x86_64, r-release-linux-x86_64, r-release-macos-arm64, r-release-macos-x86_64, r-release-windows-x86_64, r-oldrel-macos-arm64, r-oldrel-macos-x86_64, r-oldrel-windows-ix86+x86_64