Last updated on 2022-06-10 06:49:17 CEST.
| Flavor | Version | Tinstall | Tcheck | Ttotal | Status | Flags | 
|---|---|---|---|---|---|---|
| r-devel-linux-x86_64-debian-clang | 0.1.1 | 6.07 | 74.24 | 80.31 | OK | |
| r-devel-linux-x86_64-debian-gcc | 0.1.1 | 5.17 | 55.68 | 60.85 | OK | |
| r-devel-linux-x86_64-fedora-clang | 0.1.1 | 93.28 | NOTE | |||
| r-devel-linux-x86_64-fedora-gcc | 0.1.1 | 91.99 | NOTE | |||
| r-devel-windows-x86_64 | 0.1.1 | 91.00 | 91.00 | 182.00 | OK | |
| r-patched-linux-x86_64 | 0.1.1 | 9.64 | 69.19 | 78.83 | OK | |
| r-release-linux-x86_64 | 0.1.1 | OK | ||||
| r-release-macos-arm64 | 0.1.1 | 31.00 | ERROR | |||
| r-release-macos-x86_64 | 0.1.1 | 47.00 | ERROR | |||
| r-release-windows-x86_64 | 0.1.1 | 102.00 | 99.00 | 201.00 | OK | |
| r-oldrel-macos-arm64 | 0.1.1 | 28.00 | WARN | |||
| r-oldrel-macos-x86_64 | 0.1.1 | 43.00 | WARN | |||
| r-oldrel-windows-ix86+x86_64 | 0.1.1 | 18.00 | 84.00 | 102.00 | OK | 
Version: 0.1.1
Check: dependencies in R code
Result: NOTE
    Namespace in Imports field not imported from: ‘ggplot2’
      All declared Imports should be used.
Flavors: r-devel-linux-x86_64-fedora-clang, r-devel-linux-x86_64-fedora-gcc, r-release-macos-arm64, r-release-macos-x86_64, r-oldrel-macos-arm64, r-oldrel-macos-x86_64
Version: 0.1.1
Check: re-building of vignette outputs
Result: ERROR
    Error(s) in re-building vignettes:
      ...
    --- re-building ‘Using_fontMPlus.Rmd’ using rmarkdown
    Quitting from lines 56-67 (Using_fontMPlus.Rmd) 
    Error: processing vignette 'Using_fontMPlus.Rmd' failed with diagnostics:
    polygon edge not found
    --- failed re-building ‘Using_fontMPlus.Rmd’
    
    SUMMARY: processing the following file failed:
      ‘Using_fontMPlus.Rmd’
    
    Error: Vignette re-building failed.
    Execution halted
Flavors: r-release-macos-arm64, r-release-macos-x86_64
Version: 0.1.1
Check: re-building of vignette outputs
Result: WARN
    Error(s) in re-building vignettes:
      ...
    --- re-building ‘Using_fontMPlus.Rmd’ using rmarkdown
    Quitting from lines 56-67 (Using_fontMPlus.Rmd) 
    Error: processing vignette 'Using_fontMPlus.Rmd' failed with diagnostics:
    polygon edge not found
    --- failed re-building ‘Using_fontMPlus.Rmd’
    
    SUMMARY: processing the following file failed:
      ‘Using_fontMPlus.Rmd’
    
    Error: Vignette re-building failed.
    Execution halted
Flavors: r-oldrel-macos-arm64, r-oldrel-macos-x86_64