Last updated on 2022-06-10 15:51:41 CEST.
Flavor | Version | Tinstall | Tcheck | Ttotal | Status | Flags |
---|---|---|---|---|---|---|
r-devel-linux-x86_64-debian-clang | 1.0 | 2.15 | 34.04 | 36.19 | NOTE | |
r-devel-linux-x86_64-debian-gcc | 1.0 | 1.62 | 26.47 | 28.09 | NOTE | |
r-devel-linux-x86_64-fedora-clang | 1.0 | 44.37 | NOTE | |||
r-devel-linux-x86_64-fedora-gcc | 1.0 | 43.80 | NOTE | |||
r-devel-windows-x86_64 | 1.0 | 11.00 | 50.00 | 61.00 | NOTE | |
r-patched-linux-x86_64 | 1.0 | 2.32 | 33.42 | 35.74 | NOTE | |
r-release-linux-x86_64 | 1.0 | NOTE | ||||
r-release-macos-arm64 | 1.0 | 17.00 | NOTE | |||
r-release-macos-x86_64 | 1.0 | 21.00 | NOTE | |||
r-release-windows-x86_64 | 1.0 | 5.00 | 51.00 | 56.00 | NOTE | |
r-oldrel-macos-arm64 | 1.0 | 23.00 | NOTE | |||
r-oldrel-macos-x86_64 | 1.0 | 26.00 | NOTE | |||
r-oldrel-windows-ix86+x86_64 | 1.0 | 4.00 | 26.00 | 30.00 | NOTE |
Version: 1.0
Check: R code for possible problems
Result: NOTE
fit.mixtNB: no visible global function definition for 'dnbinom'
fit.mixtNB: no visible global function definition for 'nlminb'
wald.test: no visible global function definition for 'pnorm'
wald.test: no visible global function definition for 'p.adjust'
Undefined global functions or variables:
dnbinom nlminb p.adjust pnorm
Consider adding
importFrom("stats", "dnbinom", "nlminb", "p.adjust", "pnorm")
to your NAMESPACE file.
Flavors: r-devel-linux-x86_64-debian-clang, r-devel-linux-x86_64-debian-gcc, r-devel-linux-x86_64-fedora-clang, r-devel-linux-x86_64-fedora-gcc, r-devel-windows-x86_64, r-patched-linux-x86_64, r-release-linux-x86_64, r-release-macos-arm64, r-release-macos-x86_64, r-release-windows-x86_64, r-oldrel-macos-arm64, r-oldrel-macos-x86_64, r-oldrel-windows-ix86+x86_64