Last updated on 2022-06-10 15:51:41 CEST.
Flavor | Version | Tinstall | Tcheck | Ttotal | Status | Flags |
---|---|---|---|---|---|---|
r-devel-linux-x86_64-debian-clang | 0.0.2 | 4.21 | 51.30 | 55.51 | NOTE | |
r-devel-linux-x86_64-debian-gcc | 0.0.2 | 3.01 | 38.47 | 41.48 | NOTE | |
r-devel-linux-x86_64-fedora-clang | 0.0.2 | 65.31 | NOTE | |||
r-devel-linux-x86_64-fedora-gcc | 0.0.2 | 67.08 | NOTE | |||
r-devel-windows-x86_64 | 0.0.2 | 10.00 | 70.00 | 80.00 | NOTE | |
r-patched-linux-x86_64 | 0.0.2 | 4.13 | 48.10 | 52.23 | NOTE | |
r-release-linux-x86_64 | 0.0.2 | NOTE | ||||
r-release-macos-arm64 | 0.0.2 | 22.00 | NOTE | |||
r-release-macos-x86_64 | 0.0.2 | 30.00 | NOTE | |||
r-release-windows-x86_64 | 0.0.2 | 13.00 | 72.00 | 85.00 | NOTE | |
r-oldrel-macos-arm64 | 0.0.2 | 26.00 | NOTE | |||
r-oldrel-macos-x86_64 | 0.0.2 | 36.00 | NOTE | |||
r-oldrel-windows-ix86+x86_64 | 0.0.2 | 10.00 | 61.00 | 71.00 | NOTE |
Version: 0.0.2
Check: R code for possible problems
Result: NOTE
plotFID: no visible global function definition for 'points'
Undefined global functions or variables:
points
Consider adding
importFrom("graphics", "points")
to your NAMESPACE file.
Flavors: r-devel-linux-x86_64-debian-clang, r-devel-linux-x86_64-debian-gcc, r-devel-linux-x86_64-fedora-clang, r-devel-linux-x86_64-fedora-gcc, r-devel-windows-x86_64, r-patched-linux-x86_64, r-release-linux-x86_64, r-release-macos-arm64, r-release-macos-x86_64, r-release-windows-x86_64, r-oldrel-macos-arm64, r-oldrel-macos-x86_64, r-oldrel-windows-ix86+x86_64
Version: 0.0.2
Check: for non-standard things in the check directory
Result: NOTE
Found the following files/directories:
'audio.wav'
Flavors: r-devel-linux-x86_64-debian-clang, r-devel-linux-x86_64-debian-gcc, r-devel-linux-x86_64-fedora-clang, r-devel-linux-x86_64-fedora-gcc, r-patched-linux-x86_64, r-release-linux-x86_64
Version: 0.0.2
Check: Rd cross-references
Result: NOTE
Undeclared package ‘tuneR’ in Rd xrefs
Flavor: r-devel-linux-x86_64-fedora-clang