Last updated on 2022-06-10 15:51:52 CEST.
Flavor | Version | Tinstall | Tcheck | Ttotal | Status | Flags |
---|---|---|---|---|---|---|
r-devel-linux-x86_64-debian-clang | 1.1 | 2.21 | 32.35 | 34.56 | NOTE | |
r-devel-linux-x86_64-debian-gcc | 1.1 | 1.49 | 25.72 | 27.21 | NOTE | |
r-devel-linux-x86_64-fedora-clang | 1.1 | 43.81 | NOTE | |||
r-devel-linux-x86_64-fedora-gcc | 1.1 | 42.45 | NOTE | |||
r-devel-windows-x86_64 | 1.1 | 10.00 | 53.00 | 63.00 | NOTE | |
r-patched-linux-x86_64 | 1.1 | 1.71 | 31.51 | 33.22 | NOTE | |
r-release-linux-x86_64 | 1.1 | NOTE | ||||
r-release-macos-arm64 | 1.1 | 16.00 | NOTE | |||
r-release-macos-x86_64 | 1.1 | 21.00 | NOTE | |||
r-release-windows-x86_64 | 1.1 | 5.00 | 52.00 | 57.00 | NOTE | |
r-oldrel-macos-arm64 | 1.1 | 20.00 | NOTE | |||
r-oldrel-macos-x86_64 | 1.1 | 28.00 | NOTE | |||
r-oldrel-windows-ix86+x86_64 | 1.1 | 4.00 | 28.00 | 32.00 | NOTE |
Version: 1.1
Check: R code for possible problems
Result: NOTE
Build_JTree: no visible global function definition for 'flush.console'
Run_JTree: no visible global function definition for 'cov2cor'
Undefined global functions or variables:
cov2cor flush.console
Consider adding
importFrom("stats", "cov2cor")
importFrom("utils", "flush.console")
to your NAMESPACE file.
Flavors: r-devel-linux-x86_64-debian-clang, r-devel-linux-x86_64-debian-gcc, r-devel-linux-x86_64-fedora-clang, r-devel-linux-x86_64-fedora-gcc, r-devel-windows-x86_64, r-patched-linux-x86_64, r-release-linux-x86_64, r-release-macos-arm64, r-release-macos-x86_64, r-release-windows-x86_64, r-oldrel-macos-arm64, r-oldrel-macos-x86_64, r-oldrel-windows-ix86+x86_64