Last updated on 2022-06-10 15:51:53 CEST.
| Flavor | Version | Tinstall | Tcheck | Ttotal | Status | Flags | 
|---|---|---|---|---|---|---|
| r-devel-linux-x86_64-debian-clang | 1.0 | 1.68 | 39.33 | 41.01 | NOTE | |
| r-devel-linux-x86_64-debian-gcc | 1.0 | 1.91 | 29.97 | 31.88 | NOTE | |
| r-devel-linux-x86_64-fedora-clang | 1.0 | 49.91 | NOTE | |||
| r-devel-linux-x86_64-fedora-gcc | 1.0 | 49.11 | NOTE | |||
| r-devel-windows-x86_64 | 1.0 | 10.00 | 60.00 | 70.00 | NOTE | |
| r-patched-linux-x86_64 | 1.0 | 2.63 | 37.78 | 40.41 | NOTE | |
| r-release-linux-x86_64 | 1.0 | NOTE | ||||
| r-release-macos-arm64 | 1.0 | 17.00 | NOTE | |||
| r-release-macos-x86_64 | 1.0 | 24.00 | NOTE | |||
| r-release-windows-x86_64 | 1.0 | 10.00 | 66.00 | 76.00 | NOTE | |
| r-oldrel-macos-arm64 | 1.0 | 20.00 | NOTE | |||
| r-oldrel-macos-x86_64 | 1.0 | 32.00 | NOTE | |||
| r-oldrel-windows-ix86+x86_64 | 1.0 | 7.00 | 53.00 | 60.00 | NOTE | 
Version: 1.0
Check: R code for possible problems
Result: NOTE
    kmeansN: no visible global function definition for 'kmeans'
    kmeansN: no visible global function definition for 'aggregate'
    kmeansN2: no visible global function definition for 'aggregate'
    kmeansN2: no visible binding for global variable 'sd'
    Undefined global functions or variables:
      aggregate kmeans sd
    Consider adding
      importFrom("stats", "aggregate", "kmeans", "sd")
    to your NAMESPACE file.
Flavors: r-devel-linux-x86_64-debian-clang, r-devel-linux-x86_64-debian-gcc, r-devel-linux-x86_64-fedora-clang, r-devel-linux-x86_64-fedora-gcc, r-devel-windows-x86_64, r-patched-linux-x86_64, r-release-linux-x86_64, r-release-macos-arm64, r-release-macos-x86_64, r-release-windows-x86_64, r-oldrel-macos-arm64, r-oldrel-macos-x86_64, r-oldrel-windows-ix86+x86_64