Last updated on 2022-06-11 07:59:55 CEST.
Flavor | Version | Tinstall | Tcheck | Ttotal | Status | Flags |
---|---|---|---|---|---|---|
r-devel-linux-x86_64-debian-clang | 1.0.0 | 7.38 | 97.10 | 104.48 | NOTE | |
r-devel-linux-x86_64-debian-gcc | 1.0.0 | 6.50 | 69.65 | 76.15 | NOTE | |
r-devel-linux-x86_64-fedora-clang | 1.0.0 | 119.53 | NOTE | |||
r-devel-linux-x86_64-fedora-gcc | 1.0.0 | 119.85 | NOTE | |||
r-devel-windows-x86_64 | 1.0.0 | 42.00 | 117.00 | 159.00 | OK | |
r-patched-linux-x86_64 | 1.0.0 | 8.25 | 11.87 | 20.12 | FAIL | |
r-release-linux-x86_64 | 1.0.0 | NOTE | ||||
r-release-macos-arm64 | 1.0.0 | 33.00 | OK | |||
r-release-macos-x86_64 | 1.0.0 | 46.00 | OK | |||
r-release-windows-x86_64 | 1.0.0 | 50.00 | 114.00 | 164.00 | OK | |
r-oldrel-macos-arm64 | 1.0.0 | 36.00 | OK | |||
r-oldrel-macos-x86_64 | 1.0.0 | 45.00 | OK | |||
r-oldrel-windows-ix86+x86_64 | 1.0.0 | 20.00 | 113.00 | 133.00 | OK |
Version: 1.0.0
Check: package dependencies
Result: NOTE
Package suggested but not available for checking: 'neural'
Flavors: r-devel-linux-x86_64-debian-clang, r-devel-linux-x86_64-debian-gcc, r-devel-linux-x86_64-fedora-clang, r-devel-linux-x86_64-fedora-gcc, r-release-linux-x86_64
Version: 1.0.0
Check: package dependencies
Result: FAIL
Flavor: r-patched-linux-x86_64