Last updated on 2022-06-11 07:59:44 CEST.
Flavor | Version | Tinstall | Tcheck | Ttotal | Status | Flags |
---|---|---|---|---|---|---|
r-devel-linux-x86_64-debian-clang | 1.6.4 | 21.96 | 178.17 | 200.13 | OK | |
r-devel-linux-x86_64-debian-gcc | 1.6.4 | 17.38 | 130.02 | 147.40 | OK | |
r-devel-linux-x86_64-fedora-clang | 1.6.4 | 227.31 | NOTE | |||
r-devel-linux-x86_64-fedora-gcc | 1.6.4 | 223.61 | NOTE | |||
r-devel-windows-x86_64 | 1.6.4 | 76.00 | 189.00 | 265.00 | OK | |
r-patched-linux-x86_64 | 1.6.4 | 25.64 | 166.59 | 192.23 | OK | |
r-release-linux-x86_64 | 1.6.4 | OK | ||||
r-release-macos-arm64 | 1.6.4 | 101.00 | NOTE | |||
r-release-macos-x86_64 | 1.6.4 | 155.00 | NOTE | |||
r-release-windows-x86_64 | 1.6.4 | 79.00 | 185.00 | 264.00 | OK | |
r-oldrel-macos-arm64 | 1.6.4 | 105.00 | NOTE | |||
r-oldrel-macos-x86_64 | 1.6.4 | 108.00 | NOTE | |||
r-oldrel-windows-ix86+x86_64 | 1.6.4 | 46.00 | 191.00 | 237.00 | OK |
Version: 1.6.4
Check: dependencies in R code
Result: NOTE
Namespace in Imports field not imported from: ‘xgboost’
All declared Imports should be used.
Flavors: r-devel-linux-x86_64-fedora-clang, r-devel-linux-x86_64-fedora-gcc, r-release-macos-arm64, r-release-macos-x86_64, r-oldrel-macos-arm64, r-oldrel-macos-x86_64