Last updated on 2022-06-11 08:00:01 CEST.
Flavor | Version | Tinstall | Tcheck | Ttotal | Status | Flags |
---|---|---|---|---|---|---|
r-devel-linux-x86_64-debian-clang | 0.1.0 | 6.99 | 30.98 | 37.97 | NOTE | |
r-devel-linux-x86_64-debian-gcc | 0.1.0 | 4.70 | 24.04 | 28.74 | NOTE | |
r-devel-linux-x86_64-fedora-clang | 0.1.0 | 49.52 | NOTE | |||
r-devel-linux-x86_64-fedora-gcc | 0.1.0 | 45.88 | NOTE | |||
r-devel-windows-x86_64 | 0.1.0 | 19.00 | 61.00 | 80.00 | NOTE | |
r-patched-linux-x86_64 | 0.1.0 | 4.61 | 29.82 | 34.43 | NOTE | |
r-release-linux-x86_64 | 0.1.0 | NOTE | ||||
r-release-macos-arm64 | 0.1.0 | 18.00 | NOTE | |||
r-release-macos-x86_64 | 0.1.0 | 24.00 | NOTE | |||
r-release-windows-x86_64 | 0.1.0 | 24.00 | 59.00 | 83.00 | NOTE | |
r-oldrel-macos-arm64 | 0.1.0 | 20.00 | NOTE | |||
r-oldrel-macos-x86_64 | 0.1.0 | 29.00 | NOTE | |||
r-oldrel-windows-ix86+x86_64 | 0.1.0 | 19.00 | 57.00 | 76.00 | NOTE |
Version: 0.1.0
Check: LazyData
Result: NOTE
'LazyData' is specified without a 'data' directory
Flavors: r-devel-linux-x86_64-debian-clang, r-devel-linux-x86_64-debian-gcc, r-devel-linux-x86_64-fedora-clang, r-devel-linux-x86_64-fedora-gcc, r-devel-windows-x86_64, r-patched-linux-x86_64, r-release-linux-x86_64, r-release-macos-arm64, r-release-macos-x86_64, r-release-windows-x86_64, r-oldrel-macos-arm64, r-oldrel-macos-x86_64, r-oldrel-windows-ix86+x86_64