Last updated on 2022-06-13 12:54:28 CEST.
Flavor | Version | Tinstall | Tcheck | Ttotal | Status | Flags |
---|---|---|---|---|---|---|
r-devel-linux-x86_64-debian-clang | 1.2 | 2.56 | 36.81 | 39.37 | NOTE | |
r-devel-linux-x86_64-debian-gcc | 1.2 | 1.73 | 28.62 | 30.35 | NOTE | |
r-devel-linux-x86_64-fedora-clang | 1.2 | 47.44 | NOTE | |||
r-devel-linux-x86_64-fedora-gcc | 1.2 | 49.82 | NOTE | |||
r-devel-windows-x86_64 | 1.2 | 20.00 | 50.00 | 70.00 | NOTE | |
r-patched-linux-x86_64 | 1.2 | 2.37 | 35.91 | 38.28 | NOTE | |
r-release-linux-x86_64 | 1.2 | 2.52 | 36.13 | 38.65 | NOTE | |
r-release-macos-arm64 | 1.2 | 15.00 | NOTE | |||
r-release-macos-x86_64 | 1.2 | 21.00 | NOTE | |||
r-release-windows-x86_64 | 1.2 | 5.00 | 49.00 | 54.00 | NOTE | |
r-oldrel-macos-arm64 | 1.2 | 19.00 | NOTE | |||
r-oldrel-macos-x86_64 | 1.2 | 31.00 | NOTE | |||
r-oldrel-windows-ix86+x86_64 | 1.2 | 5.00 | 42.00 | 47.00 | NOTE |
Version: 1.2
Check: R code for possible problems
Result: NOTE
.Transition: no visible global function definition for 'rnorm'
.Transition.DC: no visible global function definition for 'runif'
Simu.Cond.HR: no visible global function definition for 'rpois'
Simu.Cond.HR: no visible global function definition for 'runif'
Simu.Cond.HR: no visible global function definition for 'hist'
Simu.Cond.HR: no visible global function definition for 'var'
Simu.HR: no visible global function definition for 'rpois'
Simu.HR: no visible global function definition for 'runif'
Simu.HR: no visible global function definition for 'hist'
Simu.HR: no visible global function definition for 'var'
Undefined global functions or variables:
hist rnorm rpois runif var
Consider adding
importFrom("graphics", "hist")
importFrom("stats", "rnorm", "rpois", "runif", "var")
to your NAMESPACE file.
Flavors: r-devel-linux-x86_64-debian-clang, r-devel-linux-x86_64-debian-gcc, r-devel-linux-x86_64-fedora-clang, r-devel-linux-x86_64-fedora-gcc, r-devel-windows-x86_64, r-patched-linux-x86_64, r-release-linux-x86_64, r-release-macos-arm64, r-release-macos-x86_64, r-release-windows-x86_64, r-oldrel-macos-arm64, r-oldrel-macos-x86_64, r-oldrel-windows-ix86+x86_64