Last updated on 2022-06-13 12:54:33 CEST.
| Flavor | Version | Tinstall | Tcheck | Ttotal | Status | Flags | 
|---|---|---|---|---|---|---|
| r-devel-linux-x86_64-debian-clang | 0.99.0 | 1.99 | 33.47 | 35.46 | NOTE | |
| r-devel-linux-x86_64-debian-gcc | 0.99.0 | 1.72 | 25.82 | 27.54 | NOTE | |
| r-devel-linux-x86_64-fedora-clang | 0.99.0 | 44.73 | NOTE | |||
| r-devel-linux-x86_64-fedora-gcc | 0.99.0 | 43.91 | NOTE | |||
| r-devel-windows-x86_64 | 0.99.0 | 11.00 | 48.00 | 59.00 | NOTE | |
| r-patched-linux-x86_64 | 0.99.0 | 2.58 | 31.97 | 34.55 | NOTE | |
| r-release-linux-x86_64 | 0.99.0 | 2.02 | 31.47 | 33.49 | NOTE | |
| r-release-macos-arm64 | 0.99.0 | 16.00 | NOTE | |||
| r-release-macos-x86_64 | 0.99.0 | 22.00 | NOTE | |||
| r-release-windows-x86_64 | 0.99.0 | 15.00 | 49.00 | 64.00 | NOTE | |
| r-oldrel-macos-arm64 | 0.99.0 | 16.00 | NOTE | |||
| r-oldrel-macos-x86_64 | 0.99.0 | 26.00 | NOTE | |||
| r-oldrel-windows-ix86+x86_64 | 0.99.0 | 7.00 | 43.00 | 50.00 | NOTE | 
Version: 0.99.0
Check: DESCRIPTION meta-information
Result: NOTE
    Malformed Title field: should not end in a period.
Flavors: r-devel-linux-x86_64-debian-clang, r-devel-linux-x86_64-debian-gcc, r-devel-linux-x86_64-fedora-clang, r-devel-linux-x86_64-fedora-gcc, r-devel-windows-x86_64, r-patched-linux-x86_64, r-release-linux-x86_64, r-release-macos-arm64, r-release-macos-x86_64, r-release-windows-x86_64, r-oldrel-macos-arm64, r-oldrel-macos-x86_64, r-oldrel-windows-ix86+x86_64
Version: 0.99.0
Check: R code for possible problems
Result: NOTE
    EstimateProbability: no visible global function definition for
      'predict'
    LOGICOIL: no visible binding for global variable 'pssm'
    LOGICOIL: no visible binding for global variable 'LOGICOILfit'
    LOGICOIL: no visible binding for global variable 'Model_Parameters'
    plot_LOGICOIL: no visible global function definition for 'png'
    plot_LOGICOIL: no visible global function definition for 'par'
    plot_LOGICOIL: no visible global function definition for 'lines'
    plot_LOGICOIL: no visible global function definition for 'axis'
    plot_LOGICOIL: no visible global function definition for 'mtext'
    plot_LOGICOIL: no visible global function definition for 'legend'
    plot_LOGICOIL: no visible global function definition for 'dev.off'
    Undefined global functions or variables:
      LOGICOILfit Model_Parameters axis dev.off legend lines mtext par png
      predict pssm
    Consider adding
      importFrom("grDevices", "dev.off", "png")
      importFrom("graphics", "axis", "legend", "lines", "mtext", "par")
      importFrom("stats", "predict")
    to your NAMESPACE file.
Flavors: r-devel-linux-x86_64-debian-clang, r-devel-linux-x86_64-debian-gcc, r-devel-linux-x86_64-fedora-clang, r-devel-linux-x86_64-fedora-gcc, r-devel-windows-x86_64, r-patched-linux-x86_64, r-release-linux-x86_64, r-release-macos-arm64, r-release-macos-x86_64, r-release-windows-x86_64, r-oldrel-macos-arm64, r-oldrel-macos-x86_64, r-oldrel-windows-ix86+x86_64
Version: 0.99.0
Check: for non-standard things in the check directory
Result: NOTE
    Found the following files/directories:
      'GCN4wt'
Flavors: r-devel-linux-x86_64-debian-clang, r-devel-linux-x86_64-debian-gcc, r-devel-linux-x86_64-fedora-clang, r-devel-linux-x86_64-fedora-gcc, r-patched-linux-x86_64, r-release-linux-x86_64