Last updated on 2022-06-13 12:54:34 CEST.
Flavor | Version | Tinstall | Tcheck | Ttotal | Status | Flags |
---|---|---|---|---|---|---|
r-devel-linux-x86_64-debian-clang | 0.1-1 | 3.91 | 34.02 | 37.93 | NOTE | |
r-devel-linux-x86_64-debian-gcc | 0.1-1 | 2.93 | 26.58 | 29.51 | NOTE | |
r-devel-linux-x86_64-fedora-clang | 0.1-1 | 50.35 | NOTE | |||
r-devel-linux-x86_64-fedora-gcc | 0.1-1 | 46.69 | NOTE | |||
r-devel-windows-x86_64 | 0.1-1 | 34.00 | 71.00 | 105.00 | NOTE | |
r-patched-linux-x86_64 | 0.1-1 | 3.34 | 33.28 | 36.62 | NOTE | |
r-release-linux-x86_64 | 0.1-1 | 3.19 | 32.90 | 36.09 | NOTE | |
r-release-macos-arm64 | 0.1-1 | 19.00 | NOTE | |||
r-release-macos-x86_64 | 0.1-1 | 25.00 | NOTE | |||
r-release-windows-x86_64 | 0.1-1 | 9.00 | 69.00 | 78.00 | NOTE | |
r-oldrel-macos-arm64 | 0.1-1 | 21.00 | NOTE | |||
r-oldrel-macos-x86_64 | 0.1-1 | 31.00 | NOTE | |||
r-oldrel-windows-ix86+x86_64 | 0.1-1 | 10.00 | 58.00 | 68.00 | NOTE |
Version: 0.1-1
Check: R code for possible problems
Result: NOTE
calculate_direction: no visible global function definition for 'rnorm'
Undefined global functions or variables:
rnorm
Consider adding
importFrom("stats", "rnorm")
to your NAMESPACE file.
Flavors: r-devel-linux-x86_64-debian-clang, r-devel-linux-x86_64-debian-gcc, r-devel-linux-x86_64-fedora-clang, r-devel-linux-x86_64-fedora-gcc, r-devel-windows-x86_64, r-patched-linux-x86_64, r-release-linux-x86_64, r-release-macos-arm64, r-release-macos-x86_64, r-release-windows-x86_64, r-oldrel-macos-arm64, r-oldrel-macos-x86_64, r-oldrel-windows-ix86+x86_64
Version: 0.1-1
Check: compiled code
Result: NOTE
File ‘MultiCNVDetect/libs/MultiCNVDetect.so’:
Found no calls to: ‘R_registerRoutines’, ‘R_useDynamicSymbols’
It is good practice to register native routines and to disable symbol
search.
See ‘Writing portable packages’ in the ‘Writing R Extensions’ manual.
Flavors: r-devel-linux-x86_64-fedora-clang, r-devel-linux-x86_64-fedora-gcc