Last updated on 2022-06-13 12:54:36 CEST.
Flavor | Version | Tinstall | Tcheck | Ttotal | Status | Flags |
---|---|---|---|---|---|---|
r-devel-linux-x86_64-debian-clang | 0.3.2 | 30.30 | 266.88 | 297.18 | ERROR | |
r-devel-linux-x86_64-debian-gcc | 0.3.2 | 24.01 | 197.89 | 221.90 | OK | |
r-devel-linux-x86_64-fedora-clang | 0.3.2 | 338.36 | NOTE | |||
r-devel-linux-x86_64-fedora-gcc | 0.3.2 | 346.34 | NOTE | |||
r-devel-windows-x86_64 | 0.3.2 | 47.00 | 254.00 | 301.00 | NOTE | |
r-patched-linux-x86_64 | 0.3.2 | 28.15 | 261.99 | 290.14 | OK | |
r-release-linux-x86_64 | 0.3.2 | 22.20 | 261.84 | 284.04 | OK | |
r-release-macos-arm64 | 0.3.2 | 79.00 | NOTE | |||
r-release-macos-x86_64 | 0.3.2 | 115.00 | NOTE | |||
r-release-windows-x86_64 | 0.3.2 | 41.00 | 251.00 | 292.00 | NOTE | |
r-oldrel-macos-arm64 | 0.3.2 | 82.00 | NOTE | |||
r-oldrel-macos-x86_64 | 0.3.2 | 109.00 | NOTE | |||
r-oldrel-windows-ix86+x86_64 | 0.3.2 | 63.00 | 259.00 | 322.00 | NOTE |
Version: 0.3.2
Check: examples
Result: ERROR
Running examples in 'ParallelDSM-Ex.R' failed
The error most likely occurred in:
> base::assign(".ptime", proc.time(), pos = "CheckExEnv")
> ### Name: ParallelInit_Test
> ### Title: Data initialization function is the first step to complete
> ### parallel training
> ### Aliases: ParallelInit_Test
>
> ### ** Examples
>
> #####################################################################
> ## Example code 1 ##
> ## Select your own reading method, as shown below ##
> #####################################################################
> mydatas <- system.file("extdata", "all.input.csv", package = "ParallelDSM")
> sampledatas <- system.file("extdata", "covariate", package = "ParallelDSM")
> ParallelInit(mydatas,sampledatas,"socd030 ~ twi + dem + pa")
[1] "/home/hornik/tmp/R.check/r-devel-clang/Work/build/Packages/ParallelDSM/extdata/covariate/twi.tif"
>
> #####################################################################
> ## Example code 2 (It is highly recommended) ##
> ## If you want to use test cases, load the relevant data sets ##
> ## Select the data set that comes with this package
>
> library(ParallelDSM)
> data("df.input",package = "ParallelDSM")
> data("df.dem",package = "ParallelDSM")
> data("df.twi",package = "ParallelDSM")
> sampledata <- system.file("extdata", "covariate", package = "ParallelDSM")
> ParallelInit_Test(sampledata,df.input,dsmformula = "socd030 ~ twi + dem")
class : RasterLayer
dimensions : 777, 486, 377622 (nrow, ncol, ncell)
resolution : 1000, 1000 (x, y)
extent : 2166279, 2652279, 953974.5, 1730974 (xmin, xmax, ymin, ymax)
crs : +proj=aea +lat_1=39.5 +lat_2=41.7 +lat_0=37 +lon_0=100 +x_0=500000 +y_0=0 +datum=WGS84 +units=m +no_defs +ellps=WGS84 +towgs84=0,0,0
Error in basename(filename(object)) :
unable to translate '/Users/guaokuangsheng/testR/R<U+5305>/ParallelDSM/inst/extdata/covariate/dem.tif' to native encoding
Calls: ParallelInit_Test ... print.default -> <Anonymous> -> <Anonymous> -> cat -> basename
Execution halted
Flavor: r-devel-linux-x86_64-debian-clang
Version: 0.3.2
Check: installed package size
Result: NOTE
installed size is 9.0Mb
sub-directories of 1Mb or more:
extdata 8.8Mb
Flavors: r-devel-linux-x86_64-fedora-clang, r-devel-windows-x86_64, r-release-macos-arm64, r-release-macos-x86_64, r-release-windows-x86_64, r-oldrel-macos-arm64, r-oldrel-macos-x86_64, r-oldrel-windows-ix86+x86_64
Version: 0.3.2
Check: dependencies in R code
Result: NOTE
Namespaces in Imports field not imported from:
‘caret’ ‘gstat’ ‘pryr’
All declared Imports should be used.
Flavors: r-devel-linux-x86_64-fedora-clang, r-devel-linux-x86_64-fedora-gcc, r-release-macos-arm64, r-release-macos-x86_64, r-oldrel-macos-arm64, r-oldrel-macos-x86_64
Version: 0.3.2
Check: data for non-ASCII characters
Result: NOTE
Note: found 5 marked UTF-8 strings
Flavors: r-devel-linux-x86_64-fedora-clang, r-devel-linux-x86_64-fedora-gcc, r-release-macos-arm64, r-release-macos-x86_64, r-oldrel-macos-arm64, r-oldrel-macos-x86_64