Last updated on 2022-06-13 12:54:39 CEST.
Flavor | Version | Tinstall | Tcheck | Ttotal | Status | Flags |
---|---|---|---|---|---|---|
r-devel-linux-x86_64-debian-clang | 0.3-0 | 6.44 | 68.75 | 75.19 | NOTE | |
r-devel-linux-x86_64-debian-gcc | 0.3-0 | 4.68 | 51.93 | 56.61 | NOTE | |
r-devel-linux-x86_64-fedora-clang | 0.3-0 | 85.36 | NOTE | |||
r-devel-linux-x86_64-fedora-gcc | 0.3-0 | 89.24 | NOTE | |||
r-devel-windows-x86_64 | 0.3-0 | 19.00 | 78.00 | 97.00 | NOTE | |
r-patched-linux-x86_64 | 0.3-0 | 5.34 | 66.26 | 71.60 | NOTE | |
r-release-linux-x86_64 | 0.3-0 | 5.18 | 66.41 | 71.59 | NOTE | |
r-release-macos-arm64 | 0.3-0 | 20.00 | NOTE | |||
r-release-macos-x86_64 | 0.3-0 | 35.00 | NOTE | |||
r-release-windows-x86_64 | 0.3-0 | 12.00 | 73.00 | 85.00 | NOTE | |
r-oldrel-macos-arm64 | 0.3-0 | 34.00 | NOTE | |||
r-oldrel-macos-x86_64 | 0.3-0 | 47.00 | NOTE | |||
r-oldrel-windows-ix86+x86_64 | 0.3-0 | 14.00 | 70.00 | 84.00 | NOTE |
Version: 0.3-0
Check: R code for possible problems
Result: NOTE
.testLTS: no visible binding for global variable 'stackloss'
Undefined global functions or variables:
stackloss
Consider adding
importFrom("datasets", "stackloss")
to your NAMESPACE file.
Flavors: r-devel-linux-x86_64-debian-clang, r-devel-linux-x86_64-debian-gcc, r-devel-linux-x86_64-fedora-clang, r-devel-linux-x86_64-fedora-gcc, r-devel-windows-x86_64, r-patched-linux-x86_64, r-release-linux-x86_64, r-release-macos-arm64, r-release-macos-x86_64, r-release-windows-x86_64, r-oldrel-macos-arm64, r-oldrel-macos-x86_64, r-oldrel-windows-ix86+x86_64
Version: 0.3-0
Check: for non-standard things in the check directory
Result: NOTE
Found the following files/directories:
'interactions.dot'
Flavors: r-devel-linux-x86_64-debian-clang, r-devel-linux-x86_64-debian-gcc, r-devel-linux-x86_64-fedora-clang, r-devel-linux-x86_64-fedora-gcc, r-patched-linux-x86_64, r-release-linux-x86_64
Version: 0.3-0
Check: installed package size
Result: NOTE
installed size is 5.9Mb
sub-directories of 1Mb or more:
java 5.3Mb
Flavors: r-devel-linux-x86_64-fedora-clang, r-devel-windows-x86_64, r-release-macos-arm64, r-release-macos-x86_64, r-release-windows-x86_64, r-oldrel-macos-arm64, r-oldrel-macos-x86_64, r-oldrel-windows-ix86+x86_64