Last updated on 2022-06-13 12:54:46 CEST.
| Flavor | Version | Tinstall | Tcheck | Ttotal | Status | Flags | 
|---|---|---|---|---|---|---|
| r-devel-linux-x86_64-debian-clang | 0.2.1 | 5.69 | 53.59 | 59.28 | NOTE | |
| r-devel-linux-x86_64-debian-gcc | 0.2.1 | 3.00 | 41.72 | 44.72 | NOTE | |
| r-devel-linux-x86_64-fedora-clang | 0.2.1 | 75.37 | NOTE | |||
| r-devel-linux-x86_64-fedora-gcc | 0.2.1 | 79.80 | NOTE | |||
| r-devel-windows-x86_64 | 0.2.1 | 43.00 | 96.00 | 139.00 | NOTE | |
| r-patched-linux-x86_64 | 0.2.1 | 6.05 | 52.62 | 58.67 | NOTE | |
| r-release-linux-x86_64 | 0.2.1 | 5.14 | 51.37 | 56.51 | NOTE | |
| r-release-macos-arm64 | 0.2.1 | 29.00 | NOTE | |||
| r-release-macos-x86_64 | 0.2.1 | 40.00 | NOTE | |||
| r-release-windows-x86_64 | 0.2.1 | 39.00 | 94.00 | 133.00 | NOTE | |
| r-oldrel-macos-arm64 | 0.2.1 | 29.00 | NOTE | |||
| r-oldrel-macos-x86_64 | 0.2.1 | 53.00 | NOTE | |||
| r-oldrel-windows-ix86+x86_64 | 0.2.1 | 12.00 | 68.00 | 80.00 | NOTE | 
Version: 0.2.1
Check: R code for possible problems
Result: NOTE
    R5.value.default: no visible binding for global variable 'data.table'
    R5.value.default: no visible global function definition for
      'as.data.table'
    R5.value.parse: no visible binding for global variable 'data.table'
    R5.value.parse: no visible global function definition for
      'is.data.table'
    R5.value.parse: no visible global function definition for
      'as.data.table'
    stampme: no visible global function definition for 'flush.console'
    stampmsg: no visible global function definition for 'flush.console'
    write.data.table: no visible global function definition for
      'write.table'
    Undefined global functions or variables:
      as.data.table data.table flush.console is.data.table write.table
    Consider adding
      importFrom("utils", "flush.console", "write.table")
    to your NAMESPACE file.
Flavors: r-devel-linux-x86_64-debian-clang, r-devel-linux-x86_64-debian-gcc, r-devel-linux-x86_64-fedora-clang, r-devel-linux-x86_64-fedora-gcc, r-devel-windows-x86_64, r-patched-linux-x86_64, r-release-linux-x86_64, r-release-macos-arm64, r-release-macos-x86_64, r-release-windows-x86_64, r-oldrel-macos-arm64, r-oldrel-macos-x86_64, r-oldrel-windows-ix86+x86_64