Last updated on 2022-06-13 12:54:42 CEST.
Flavor | Version | Tinstall | Tcheck | Ttotal | Status | Flags |
---|---|---|---|---|---|---|
r-devel-linux-x86_64-debian-clang | 1.2 | 5.66 | 52.63 | 58.29 | NOTE | |
r-devel-linux-x86_64-debian-gcc | 1.2 | 2.90 | 41.71 | 44.61 | NOTE | |
r-devel-linux-x86_64-fedora-clang | 1.2 | 72.16 | NOTE | |||
r-devel-linux-x86_64-fedora-gcc | 1.2 | 70.79 | NOTE | |||
r-devel-windows-x86_64 | 1.2 | 28.00 | 82.00 | 110.00 | NOTE | |
r-patched-linux-x86_64 | 1.2 | 5.41 | 52.09 | 57.50 | NOTE | |
r-release-linux-x86_64 | 1.2 | 3.38 | 51.37 | 54.75 | NOTE | |
r-release-macos-arm64 | 1.2 | 31.00 | NOTE | |||
r-release-macos-x86_64 | 1.2 | 33.00 | NOTE | |||
r-release-windows-x86_64 | 1.2 | 26.00 | 80.00 | 106.00 | NOTE | |
r-oldrel-macos-arm64 | 1.2 | 36.00 | NOTE | |||
r-oldrel-macos-x86_64 | 1.2 | 46.00 | NOTE | |||
r-oldrel-windows-ix86+x86_64 | 1.2 | 11.00 | 72.00 | 83.00 | NOTE |
Version: 1.2
Check: DESCRIPTION meta-information
Result: NOTE
Malformed Title field: should not end in a period.
Flavors: r-devel-linux-x86_64-debian-clang, r-devel-linux-x86_64-debian-gcc, r-devel-linux-x86_64-fedora-clang, r-devel-linux-x86_64-fedora-gcc, r-devel-windows-x86_64, r-patched-linux-x86_64, r-release-linux-x86_64, r-release-macos-arm64, r-release-macos-x86_64, r-release-windows-x86_64, r-oldrel-macos-arm64, r-oldrel-macos-x86_64, r-oldrel-windows-ix86+x86_64
Version: 1.2
Check: dependencies in R code
Result: NOTE
'library' or 'require' calls in package code:
'RJDBC' 'RMySQL' 'RODBC' 'RPostgreSQL' 'RSQLite' 'tcltk'
Please use :: or requireNamespace() instead.
See section 'Suggested packages' in the 'Writing R Extensions' manual.
Flavors: r-devel-linux-x86_64-debian-clang, r-devel-linux-x86_64-debian-gcc, r-devel-linux-x86_64-fedora-clang, r-devel-linux-x86_64-fedora-gcc, r-devel-windows-x86_64, r-patched-linux-x86_64, r-release-linux-x86_64, r-release-macos-arm64, r-release-macos-x86_64, r-release-windows-x86_64, r-oldrel-macos-arm64, r-oldrel-macos-x86_64, r-oldrel-windows-ix86+x86_64
Version: 1.2
Check: R code for possible problems
Result: NOTE
cacheQuery: no visible global function definition for 'read.csv'
cacheQuery: no visible global function definition for 'write.csv'
Undefined global functions or variables:
read.csv write.csv
Consider adding
importFrom("utils", "read.csv", "write.csv")
to your NAMESPACE file.
Flavors: r-devel-linux-x86_64-debian-clang, r-devel-linux-x86_64-debian-gcc, r-devel-linux-x86_64-fedora-clang, r-devel-linux-x86_64-fedora-gcc, r-devel-windows-x86_64, r-patched-linux-x86_64, r-release-linux-x86_64, r-release-macos-arm64, r-release-macos-x86_64, r-release-windows-x86_64, r-oldrel-macos-arm64, r-oldrel-macos-x86_64, r-oldrel-windows-ix86+x86_64
Version: 1.2
Check: package dependencies
Result: NOTE
Package which this enhances but not available for checking: ‘RODBC’
Flavor: r-oldrel-macos-arm64