Last updated on 2022-06-13 12:54:43 CEST.
Flavor | Version | Tinstall | Tcheck | Ttotal | Status | Flags |
---|---|---|---|---|---|---|
r-devel-linux-x86_64-debian-clang | 1.0 | 3.79 | 36.27 | 40.06 | NOTE | |
r-devel-linux-x86_64-debian-gcc | 1.0 | 3.33 | 28.15 | 31.48 | NOTE | |
r-devel-linux-x86_64-fedora-clang | 1.0 | 49.68 | NOTE | |||
r-devel-linux-x86_64-fedora-gcc | 1.0 | 48.13 | NOTE | |||
r-devel-windows-x86_64 | 1.0 | 30.00 | 49.00 | 79.00 | NOTE | |
r-patched-linux-x86_64 | 1.0 | 3.62 | 34.78 | 38.40 | NOTE | |
r-release-linux-x86_64 | 1.0 | 3.67 | 35.49 | 39.16 | NOTE | |
r-release-macos-arm64 | 1.0 | 15.00 | NOTE | |||
r-release-macos-x86_64 | 1.0 | 24.00 | NOTE | |||
r-release-windows-x86_64 | 1.0 | 8.00 | 50.00 | 58.00 | NOTE | |
r-oldrel-macos-arm64 | 1.0 | 18.00 | NOTE | |||
r-oldrel-macos-x86_64 | 1.0 | 25.00 | NOTE | |||
r-oldrel-windows-ix86+x86_64 | 1.0 | 7.00 | 29.00 | 36.00 | NOTE |
Version: 1.0
Check: R code for possible problems
Result: NOTE
cover: no visible global function definition for 'par'
cover: no visible global function definition for 'text'
cover: no visible global function definition for 'rect'
cover: no visible global function definition for 'locator'
identity : num.display: no visible global function definition for
'rect'
identity : num.display: no visible global function definition for
'text'
identity : num.display: no visible global function definition for
'locator'
identity: no visible global function definition for 'par'
identity: no visible global function definition for 'text'
identity: no visible global function definition for 'read.table'
read.write: no visible global function definition for 'read.table'
read.write : <anonymous>: no visible global function definition for
'write.table'
read.write: no visible global function definition for 'write.table'
slide : Annex: no visible global function definition for 'rect'
slide : Annex: no visible global function definition for 'text'
slide : Annex: no visible global function definition for 'lines'
slide : Annex: no visible global function definition for 'points'
slide : num.display: no visible global function definition for 'rect'
slide : num.display: no visible global function definition for 'text'
slide : num.display: no visible global function definition for
'locator'
slide: no visible global function definition for 'close.screen'
slide: no visible global function definition for 'split.screen'
slide: no visible global function definition for 'screen'
slide: no visible global function definition for 'par'
slide: no visible global function definition for 'text'
slide: no visible global function definition for 'rect'
slide: no visible global function definition for 'locator'
slide: no visible global function definition for 'lines'
Undefined global functions or variables:
close.screen lines locator par points read.table rect screen
split.screen text write.table
Consider adding
importFrom("graphics", "close.screen", "lines", "locator", "par",
"points", "rect", "screen", "split.screen", "text")
importFrom("utils", "read.table", "write.table")
to your NAMESPACE file.
Flavors: r-devel-linux-x86_64-debian-clang, r-devel-linux-x86_64-debian-gcc, r-devel-linux-x86_64-fedora-clang, r-devel-linux-x86_64-fedora-gcc, r-devel-windows-x86_64, r-patched-linux-x86_64, r-release-linux-x86_64, r-release-macos-arm64, r-release-macos-x86_64, r-release-windows-x86_64, r-oldrel-macos-arm64, r-oldrel-macos-x86_64, r-oldrel-windows-ix86+x86_64