Last updated on 2022-06-13 12:54:45 CEST.
Flavor | Version | Tinstall | Tcheck | Ttotal | Status | Flags |
---|---|---|---|---|---|---|
r-devel-linux-x86_64-debian-clang | 1.1 | 2.63 | 38.99 | 41.62 | NOTE | |
r-devel-linux-x86_64-debian-gcc | 1.1 | 1.56 | 29.78 | 31.34 | NOTE | |
r-devel-linux-x86_64-fedora-clang | 1.1 | 49.46 | NOTE | |||
r-devel-linux-x86_64-fedora-gcc | 1.1 | 48.38 | NOTE | |||
r-devel-windows-x86_64 | 1.1 | 15.00 | 58.00 | 73.00 | NOTE | |
r-patched-linux-x86_64 | 1.1 | 2.25 | 37.43 | 39.68 | NOTE | |
r-release-linux-x86_64 | 1.1 | 1.86 | 36.42 | 38.28 | NOTE | |
r-release-macos-arm64 | 1.1 | 16.00 | NOTE | |||
r-release-macos-x86_64 | 1.1 | 24.00 | NOTE | |||
r-release-windows-x86_64 | 1.1 | 15.00 | 54.00 | 69.00 | NOTE | |
r-oldrel-macos-arm64 | 1.1 | 17.00 | NOTE | |||
r-oldrel-macos-x86_64 | 1.1 | 30.00 | NOTE | |||
r-oldrel-windows-ix86+x86_64 | 1.1 | 5.00 | 46.00 | 51.00 | NOTE |
Version: 1.1
Check: R code for possible problems
Result: NOTE
dudewicz.unif.test: no visible global function definition for 'runif'
frosini.unif.test: no visible global function definition for 'runif'
hegazy.unif.test: no visible global function definition for 'runif'
kolmogorov.unif.test: no visible global function definition for 'runif'
kuiper.unif.test: no visible global function definition for 'runif'
neyman.unif.test: no visible global function definition for 'runif'
quesenberry.unif.test: no visible global function definition for
'runif'
sarkadi.unif.test: no visible global function definition for 'runif'
sherman.unif.test: no visible global function definition for 'runif'
Undefined global functions or variables:
runif
Consider adding
importFrom("stats", "runif")
to your NAMESPACE file.
Flavors: r-devel-linux-x86_64-debian-clang, r-devel-linux-x86_64-debian-gcc, r-devel-linux-x86_64-fedora-clang, r-devel-linux-x86_64-fedora-gcc, r-devel-windows-x86_64, r-patched-linux-x86_64, r-release-linux-x86_64, r-release-macos-arm64, r-release-macos-x86_64, r-release-windows-x86_64, r-oldrel-macos-arm64, r-oldrel-macos-x86_64, r-oldrel-windows-ix86+x86_64